CRAN Package Check Results for Package phase1RMD

Last updated on 2019-10-16 05:47:09 CEST.

Flavor Version Tinstall Tcheck Ttotal Status Flags
r-devel-linux-x86_64-debian-clang 1.0.8 8.91 61.68 70.59 NOTE
r-devel-linux-x86_64-debian-gcc 1.0.8 6.49 46.86 53.35 NOTE
r-devel-linux-x86_64-fedora-clang 1.0.8 82.48 NOTE
r-devel-linux-x86_64-fedora-gcc 1.0.8 80.72 NOTE
r-devel-windows-ix86+x86_64 1.0.8 19.00 129.00 148.00 OK
r-patched-linux-x86_64 1.0.8 9.18 59.88 69.06 OK
r-patched-solaris-x86 1.0.8 117.70 OK
r-release-linux-x86_64 1.0.8 7.43 61.69 69.12 OK
r-release-windows-ix86+x86_64 1.0.8 17.00 111.00 128.00 OK
r-release-osx-x86_64 1.0.8 NOTE
r-oldrel-windows-ix86+x86_64 1.0.8 10.00 66.00 76.00 OK
r-oldrel-osx-x86_64 1.0.8 OK

Check Details

Version: 1.0.8
Check: for non-standard things in the check directory
Result: NOTE
    Found the following files/directories:
     '1' 'alcMat.txt' 'doseTrace.pdf' 'patData.txt' 'recMat.txt'
Flavors: r-devel-linux-x86_64-debian-clang, r-devel-linux-x86_64-debian-gcc, r-devel-linux-x86_64-fedora-clang, r-devel-linux-x86_64-fedora-gcc

Version: 1.0.8
Check: package dependencies
Result: NOTE
    Package suggested but not available for checking: ‘BiocParallel’
Flavor: r-release-osx-x86_64