CRAN Package Check Results for Package phenocamr

Last updated on 2020-06-03 01:50:54 CEST.

Flavor Version Tinstall Tcheck Ttotal Status Flags
r-devel-linux-x86_64-debian-clang 1.1.4 4.06 149.98 154.04 OK
r-devel-linux-x86_64-debian-gcc 1.1.4 3.33 117.78 121.11 OK
r-devel-linux-x86_64-fedora-clang 1.1.4 192.85 NOTE
r-devel-linux-x86_64-fedora-gcc 1.1.4 194.88 NOTE
r-devel-windows-ix86+x86_64 1.1.4 13.00 217.00 230.00 OK
r-patched-linux-x86_64 1.1.4 3.22 154.70 157.92 OK
r-patched-solaris-x86 1.1.4 256.10 NOTE
r-release-linux-x86_64 1.1.4 4.30 154.60 158.90 OK
r-release-osx-x86_64 1.1.4 NOTE
r-release-windows-ix86+x86_64 1.1.4 12.00 220.00 232.00 OK
r-oldrel-osx-x86_64 1.1.4 NOTE
r-oldrel-windows-ix86+x86_64 1.1.4 6.00 167.00 173.00 OK

Check Details

Version: 1.1.4
Check: dependencies in R code
Result: NOTE
    Namespaces in Imports field not imported from:
     ‘jsonlite’ ‘memoise’
     All declared Imports should be used.
Flavors: r-devel-linux-x86_64-fedora-clang, r-devel-linux-x86_64-fedora-gcc, r-patched-solaris-x86, r-release-osx-x86_64, r-oldrel-osx-x86_64