CRAN Package Check Results for Package phenocamr

Last updated on 2019-10-23 03:48:34 CEST.

Flavor Version Tinstall Tcheck Ttotal Status Flags
r-devel-linux-x86_64-debian-clang 1.1.3 3.27 122.27 125.54 OK
r-devel-linux-x86_64-debian-gcc 1.1.3 3.40 93.60 97.00 OK
r-devel-linux-x86_64-fedora-clang 1.1.3 145.93 NOTE
r-devel-linux-x86_64-fedora-gcc 1.1.3 144.47 NOTE
r-devel-windows-ix86+x86_64 1.1.3 8.00 212.00 220.00 OK
r-patched-linux-x86_64 1.1.3 3.23 120.48 123.71 OK
r-patched-solaris-x86 1.1.3 201.70 NOTE
r-release-linux-x86_64 1.1.3 3.88 120.52 124.40 OK
r-release-windows-ix86+x86_64 1.1.3 11.00 180.00 191.00 OK
r-release-osx-x86_64 1.1.3 NOTE
r-oldrel-windows-ix86+x86_64 1.1.3 7.00 214.00 221.00 OK
r-oldrel-osx-x86_64 1.1.3 NOTE

Check Details

Version: 1.1.3
Check: dependencies in R code
Result: NOTE
    Namespaces in Imports field not imported from:
     ‘jsonlite’ ‘memoise’
     All declared Imports should be used.
Flavors: r-devel-linux-x86_64-fedora-clang, r-devel-linux-x86_64-fedora-gcc, r-patched-solaris-x86, r-release-osx-x86_64, r-oldrel-osx-x86_64