CRAN Package Check Results for Package picasso

Last updated on 2020-04-03 04:47:31 CEST.

Flavor Version Tinstall Tcheck Ttotal Status Flags
r-devel-linux-x86_64-debian-clang 1.3.1 21.77 70.48 92.25 OK
r-devel-linux-x86_64-debian-gcc 1.3.1 14.56 54.56 69.12 OK
r-devel-linux-x86_64-fedora-clang 1.3.1 107.98 NOTE
r-devel-linux-x86_64-fedora-gcc 1.3.1 108.73 OK
r-devel-windows-ix86+x86_64 1.3.1 38.00 104.00 142.00 OK
r-devel-windows-ix86+x86_64-gcc8 1.3.1 34.00 97.00 131.00 OK
r-patched-linux-x86_64 1.3.1 17.39 67.66 85.05 OK
r-patched-solaris-x86 1.3.1 170.90 OK
r-release-linux-x86_64 1.3.1 15.68 62.94 78.62 OK
r-release-windows-ix86+x86_64 1.3.1 33.00 139.00 172.00 OK
r-release-osx-x86_64 1.3.1 NOTE
r-oldrel-windows-ix86+x86_64 1.3.1 42.00 100.00 142.00 OK
r-oldrel-osx-x86_64 1.3.1 NOTE

Check Details

Version: 1.3.1
Check: installed package size
Result: NOTE
     installed size is 5.6Mb
     sub-directories of 1Mb or more:
     libs 4.5Mb
Flavors: r-devel-linux-x86_64-fedora-clang, r-release-osx-x86_64, r-oldrel-osx-x86_64