CRAN Package Check Results for Package piecepackr

Last updated on 2020-05-29 01:50:17 CEST.

Flavor Version Tinstall Tcheck Ttotal Status Flags
r-devel-linux-x86_64-debian-clang 1.3.1 12.88 190.64 203.52 OK
r-devel-linux-x86_64-debian-gcc 1.3.1 10.10 145.94 156.04 WARN
r-devel-linux-x86_64-fedora-clang 1.3.1 245.98 WARN
r-devel-linux-x86_64-fedora-gcc 1.3.1 250.65 WARN
r-devel-windows-ix86+x86_64 1.3.1 26.00 202.00 228.00 OK
r-patched-linux-x86_64 1.3.1 12.32 207.86 220.18 OK
r-patched-solaris-x86 1.3.1 305.50 WARN
r-release-linux-x86_64 1.3.1 12.50 190.07 202.57 OK
r-release-osx-x86_64 1.3.1 OK
r-release-windows-ix86+x86_64 1.3.1 20.00 270.00 290.00 OK
r-oldrel-osx-x86_64 1.3.1 OK
r-oldrel-windows-ix86+x86_64 1.3.1 15.00 197.00 212.00 OK

Check Details

Version: 1.3.1
Check: whether package can be installed
Result: WARN
    Found the following significant warnings:
     Warning: S4 exports specified in 'NAMESPACE' but not defined in package ‘piecepackr’
Flavor: r-devel-linux-x86_64-debian-gcc

Version: 1.3.1
Check: whether the namespace can be loaded with stated dependencies
Result: NOTE
    Warning: S4 exports specified in 'NAMESPACE' but not defined in package ‘piecepackr’
    
    A namespace must be able to be loaded with just the base namespace
    loaded: otherwise if the namespace gets loaded by a saved object, the
    session will be unable to start.
    
    Probably some imports need to be declared in the NAMESPACE file.
Flavor: r-devel-linux-x86_64-debian-gcc

Version: 1.3.1
Check: whether the namespace can be loaded with stated dependencies
Result: WARN
    Warning: S4 exports specified in 'NAMESPACE' but not defined in package ‘piecepackr’
Flavors: r-devel-linux-x86_64-fedora-clang, r-devel-linux-x86_64-fedora-gcc

Version: 1.3.1
Check: for unstated dependencies in ‘tests’
Result: WARN
    Warning in deparse(e[[2L]]) :
     it is not known that wchar_t is Unicode on this platform
    Warning in deparse(e[[2L]]) :
     it is not known that wchar_t is Unicode on this platform
Flavor: r-patched-solaris-x86