CRAN Package Check Results for Package piecepackr

Last updated on 2019-10-14 01:46:30 CEST.

Flavor Version Tinstall Tcheck Ttotal Status Flags
r-devel-linux-x86_64-debian-clang 1.0.2 7.21 118.35 125.56 OK
r-devel-linux-x86_64-debian-gcc 1.0.2 6.17 85.95 92.12 OK
r-devel-linux-x86_64-fedora-clang 1.0.2 143.10 OK
r-devel-linux-x86_64-fedora-gcc 1.0.2 137.45 OK
r-devel-windows-ix86+x86_64 1.0.2 12.00 188.00 200.00 OK
r-patched-linux-x86_64 1.0.2 6.87 110.19 117.06 OK
r-patched-solaris-x86 1.0.2 175.20 WARN
r-release-linux-x86_64 1.0.2 7.43 111.25 118.68 OK
r-release-windows-ix86+x86_64 1.0.2 18.00 124.00 142.00 OK
r-release-osx-x86_64 1.0.2 OK
r-oldrel-windows-ix86+x86_64 1.0.2 7.00 133.00 140.00 OK
r-oldrel-osx-x86_64 1.0.2 OK

Check Details

Version: 1.0.2
Check: for unstated dependencies in ‘tests’
Result: WARN
    Warning in deparse(e[[2L]]) :
     it is not known that wchar_t is Unicode on this platform
    Warning in deparse(e[[2L]]) :
     it is not known that wchar_t is Unicode on this platform
Flavor: r-patched-solaris-x86