CRAN Package Check Results for Package pkgload

Last updated on 2020-05-28 01:53:24 CEST.

Flavor Version Tinstall Tcheck Ttotal Status Flags
r-devel-linux-x86_64-debian-clang 1.0.2 6.21 109.84 116.05 OK
r-devel-linux-x86_64-debian-gcc 1.0.2 4.32 80.32 84.64 ERROR
r-devel-linux-x86_64-fedora-clang 1.0.2 143.30 ERROR
r-devel-linux-x86_64-fedora-gcc 1.0.2 264.64 ERROR
r-devel-windows-ix86+x86_64 1.0.2 21.00 250.00 271.00 OK
r-patched-linux-x86_64 1.0.2 5.19 101.48 106.67 OK
r-patched-solaris-x86 1.0.2 195.20 OK
r-release-linux-x86_64 1.0.2 6.34 103.39 109.73 OK
r-release-osx-x86_64 1.0.2 OK
r-release-windows-ix86+x86_64 1.0.2 16.00 301.00 317.00 OK
r-oldrel-osx-x86_64 1.0.2 OK
r-oldrel-windows-ix86+x86_64 1.0.2 12.00 213.00 225.00 OK

Check Details

Version: 1.0.2
Check: whether the namespace can be loaded with stated dependencies
Result: NOTE
    Warning in extract_lang(f = comp_lang, y = quote(if (.isMethodsDispatchOn() && :
     devtools is incompatible with the current version of R. `load_all()` may function incorrectly.
    
    A namespace must be able to be loaded with just the base namespace
    loaded: otherwise if the namespace gets loaded by a saved object, the
    session will be unable to start.
    
    Probably some imports need to be declared in the NAMESPACE file.
Flavors: r-devel-linux-x86_64-debian-gcc, r-devel-linux-x86_64-fedora-clang, r-devel-linux-x86_64-fedora-gcc

Version: 1.0.2
Check: tests
Result: ERROR
     Running ‘testthat.R’ [42s/69s]
    Running the tests in ‘tests/testthat.R’ failed.
    Complete output:
     > library(testthat)
     > library(pkgload)
     Warning message:
     In extract_lang(f = comp_lang, y = quote(if (.isMethodsDispatchOn() && :
     devtools is incompatible with the current version of R. `load_all()` may function incorrectly.
     >
     > # Needed so that install.packages works correctly
     > Sys.setenv("R_TESTS" = "")
     >
     > test_check("pkgload")
     ── 1. Error: importing an S4 exported by another pkg with export_all = FALSE (@t
     class "class_to_export" is not exported by 'namespace:testS4export'
     Backtrace:
     1. pkgload::load_all("testS4import", export_all = FALSE)
     2. pkgload:::load_imports(path)
     3. pkgload:::process_imports(path)
     4. base::tryCatch(...)
     5. base:::tryCatchList(expr, classes, parentenv, handlers)
     6. base:::tryCatchOne(expr, names, parentenv, handlers[[1L]])
    
     ══ testthat results ═══════════════════════════════════════════════════════════
     [ OK: 298 | SKIPPED: 0 | WARNINGS: 0 | FAILED: 1 ]
     1. Error: importing an S4 exported by another pkg with export_all = FALSE (@test-s4-export.r#9)
    
     Error: testthat unit tests failed
     Execution halted
Flavor: r-devel-linux-x86_64-debian-gcc

Version: 1.0.2
Check: tests
Result: ERROR
     Running ‘testthat.R’ [64s/158s]
    Running the tests in ‘tests/testthat.R’ failed.
    Complete output:
     > library(testthat)
     > library(pkgload)
     Warning message:
     In extract_lang(f = comp_lang, y = quote(if (.isMethodsDispatchOn() && :
     devtools is incompatible with the current version of R. `load_all()` may function incorrectly.
     >
     > # Needed so that install.packages works correctly
     > Sys.setenv("R_TESTS" = "")
     >
     > test_check("pkgload")
     ── 1. Error: importing an S4 exported by another pkg with export_all = FALSE (@t
     class "class_to_export" is not exported by 'namespace:testS4export'
     Backtrace:
     1. pkgload::load_all("testS4import", export_all = FALSE)
     2. pkgload:::load_imports(path)
     3. pkgload:::process_imports(path)
     4. base::tryCatch(...)
     5. base:::tryCatchList(expr, classes, parentenv, handlers)
     6. base:::tryCatchOne(expr, names, parentenv, handlers[[1L]])
    
     ══ testthat results ═══════════════════════════════════════════════════════════
     [ OK: 298 | SKIPPED: 0 | WARNINGS: 0 | FAILED: 1 ]
     1. Error: importing an S4 exported by another pkg with export_all = FALSE (@test-s4-export.r#9)
    
     Error: testthat unit tests failed
     Execution halted
Flavor: r-devel-linux-x86_64-fedora-clang

Version: 1.0.2
Check: tests
Result: ERROR
     Running ‘testthat.R’ [3m/12m]
    Running the tests in ‘tests/testthat.R’ failed.
    Complete output:
     > library(testthat)
     > library(pkgload)
     Warning message:
     In extract_lang(f = comp_lang, y = quote(if (.isMethodsDispatchOn() && :
     devtools is incompatible with the current version of R. `load_all()` may function incorrectly.
     >
     > # Needed so that install.packages works correctly
     > Sys.setenv("R_TESTS" = "")
     >
     > test_check("pkgload")
     ── 1. Error: importing an S4 exported by another pkg with export_all = FALSE (@t
     class "class_to_export" is not exported by 'namespace:testS4export'
     Backtrace:
     1. pkgload::load_all("testS4import", export_all = FALSE)
     2. pkgload:::load_imports(path)
     3. pkgload:::process_imports(path)
     4. base::tryCatch(...)
     5. base:::tryCatchList(expr, classes, parentenv, handlers)
     6. base:::tryCatchOne(expr, names, parentenv, handlers[[1L]])
    
     ══ testthat results ═══════════════════════════════════════════════════════════
     [ OK: 298 | SKIPPED: 0 | WARNINGS: 0 | FAILED: 1 ]
     1. Error: importing an S4 exported by another pkg with export_all = FALSE (@test-s4-export.r#9)
    
     Error: testthat unit tests failed
     Execution halted
Flavor: r-devel-linux-x86_64-fedora-gcc