CRAN Package Check Results for Package planar

Last updated on 2020-06-02 01:55:39 CEST.

Flavor Version Tinstall Tcheck Ttotal Status Flags
r-devel-linux-x86_64-debian-clang 1.6 117.24 66.61 183.85 OK
r-devel-linux-x86_64-debian-gcc 1.6 93.58 50.16 143.74 OK
r-devel-linux-x86_64-fedora-clang 1.6 258.15 NOTE
r-devel-linux-x86_64-fedora-gcc 1.6 237.60 NOTE
r-devel-windows-ix86+x86_64 1.6 286.00 155.00 441.00 OK
r-patched-linux-x86_64 1.6 94.01 65.33 159.34 OK
r-patched-solaris-x86 1.6 225.40 OK
r-release-linux-x86_64 1.6 101.26 66.31 167.57 OK
r-release-osx-x86_64 1.6 NOTE
r-release-windows-ix86+x86_64 1.6 208.00 108.00 316.00 OK
r-oldrel-osx-x86_64 1.6 NOTE
r-oldrel-windows-ix86+x86_64 1.6 215.00 108.00 323.00 OK

Check Details

Version: 1.6
Check: installed package size
Result: NOTE
     installed size is 5.8Mb
     sub-directories of 1Mb or more:
     libs 5.2Mb
Flavors: r-devel-linux-x86_64-fedora-clang, r-release-osx-x86_64, r-oldrel-osx-x86_64

Version: 1.6
Check: compiled code
Result: NOTE
    File ‘planar/libs/planar.so’:
     Found no calls to: ‘R_registerRoutines’, ‘R_useDynamicSymbols’
    
    It is good practice to register native routines and to disable symbol
    search.
    
    See ‘Writing portable packages’ in the ‘Writing R Extensions’ manual.
Flavors: r-devel-linux-x86_64-fedora-clang, r-devel-linux-x86_64-fedora-gcc