CRAN Package Check Results for Package planar

Last updated on 2019-10-18 01:46:33 CEST.

Flavor Version Tinstall Tcheck Ttotal Status Flags
r-devel-linux-x86_64-debian-clang 1.6 107.75 59.64 167.39 OK
r-devel-linux-x86_64-debian-gcc 1.6 82.05 43.80 125.85 OK
r-devel-linux-x86_64-fedora-clang 1.6 229.48 NOTE
r-devel-linux-x86_64-fedora-gcc 1.6 223.23 NOTE
r-devel-windows-ix86+x86_64 1.6 235.00 96.00 331.00 OK
r-patched-linux-x86_64 1.6 86.60 56.55 143.15 OK
r-patched-solaris-x86 1.6 208.60 OK
r-release-linux-x86_64 1.6 82.96 57.18 140.14 OK
r-release-windows-ix86+x86_64 1.6 153.00 94.00 247.00 OK
r-release-osx-x86_64 1.6 NOTE
r-oldrel-windows-ix86+x86_64 1.6 164.00 88.00 252.00 OK
r-oldrel-osx-x86_64 1.6 OK

Check Details

Version: 1.6
Check: installed package size
Result: NOTE
     installed size is 5.2Mb
     sub-directories of 1Mb or more:
     libs 4.6Mb
Flavors: r-devel-linux-x86_64-fedora-clang, r-release-osx-x86_64

Version: 1.6
Check: compiled code
Result: NOTE
    File ‘planar/libs/planar.so’:
     Found no calls to: ‘R_registerRoutines’, ‘R_useDynamicSymbols’
    
    It is good practice to register native routines and to disable symbol
    search.
    
    See ‘Writing portable packages’ in the ‘Writing R Extensions’ manual.
Flavors: r-devel-linux-x86_64-fedora-clang, r-devel-linux-x86_64-fedora-gcc