CRAN Package Check Results for Package planets

Last updated on 2020-03-30 01:48:21 CEST.

Flavor Version Tinstall Tcheck Ttotal Status Flags
r-devel-linux-x86_64-debian-clang 0.1.0 OK
r-devel-linux-x86_64-debian-gcc 0.1.0 1.30 13.94 15.24 OK
r-devel-linux-x86_64-fedora-clang 0.1.0 23.34 NOTE
r-devel-linux-x86_64-fedora-gcc 0.1.0 22.44 NOTE
r-devel-windows-ix86+x86_64 0.1.0 5.00 35.00 40.00 OK
r-devel-windows-ix86+x86_64-gcc8 0.1.0 5.00 27.00 32.00 OK
r-patched-linux-x86_64 0.1.0 1.55 17.10 18.65 OK
r-patched-solaris-x86 0.1.0 38.60 NOTE
r-release-linux-x86_64 0.1.0 1.13 15.91 17.04 OK
r-release-windows-ix86+x86_64 0.1.0 4.00 29.00 33.00 OK
r-release-osx-x86_64 0.1.0 NOTE
r-oldrel-windows-ix86+x86_64 0.1.0 2.00 26.00 28.00 OK
r-oldrel-osx-x86_64 0.1.0 NOTE

Check Details

Version: 0.1.0
Check: data for non-ASCII characters
Result: NOTE
     Note: found 150 marked UTF-8 strings
Flavors: r-devel-linux-x86_64-fedora-clang, r-devel-linux-x86_64-fedora-gcc, r-patched-solaris-x86, r-release-osx-x86_64, r-oldrel-osx-x86_64