CRAN Package Check Results for Package plus

Last updated on 2019-11-22 00:49:22 CET.

Flavor Version Tinstall Tcheck Ttotal Status Flags
r-devel-linux-x86_64-debian-clang 1.0 3.31 34.88 38.19 NOTE
r-devel-linux-x86_64-debian-gcc 1.0 2.47 26.35 28.82 NOTE
r-devel-linux-x86_64-fedora-clang 1.0 45.78 NOTE
r-devel-linux-x86_64-fedora-gcc 1.0 47.92 NOTE
r-devel-windows-ix86+x86_64 1.0 6.00 49.00 55.00 OK
r-devel-windows-ix86+x86_64-gcc8 1.0 7.00 49.00 56.00 OK
r-patched-linux-x86_64 1.0 2.26 34.85 37.11 NOTE
r-patched-solaris-x86 1.0 79.40 OK
r-release-linux-x86_64 1.0 2.71 34.80 37.51 NOTE
r-release-windows-ix86+x86_64 1.0 6.00 64.00 70.00 OK
r-release-osx-x86_64 1.0 OK
r-oldrel-windows-ix86+x86_64 1.0 3.00 42.00 45.00 OK
r-oldrel-osx-x86_64 1.0 OK

Check Details

Version: 1.0
Check: Rd line widths
Result: NOTE
    Rd file 'predict.plus.Rd':
     \examples lines wider than 100 characters:
     extracted.values <- predict(object, lam = sort(object$lam.path[1:10],decreasing=TRUE), newx=object$x)
    
    These lines will be truncated in the PDF manual.
Flavors: r-devel-linux-x86_64-debian-clang, r-devel-linux-x86_64-debian-gcc, r-devel-linux-x86_64-fedora-clang, r-devel-linux-x86_64-fedora-gcc, r-patched-linux-x86_64, r-release-linux-x86_64