CRAN Package Check Results for Package plyr

Last updated on 2020-05-27 01:48:41 CEST.

Flavor Version Tinstall Tcheck Ttotal Status Flags
r-devel-linux-x86_64-debian-clang 1.8.6 21.77 67.59 89.36 OK
r-devel-linux-x86_64-debian-gcc 1.8.6 16.13 51.63 67.76 OK
r-devel-linux-x86_64-fedora-clang 1.8.6 109.97 OK
r-devel-linux-x86_64-fedora-gcc 1.8.6 105.94 OK
r-devel-windows-ix86+x86_64 1.8.6 54.00 169.00 223.00 OK
r-patched-linux-x86_64 1.8.6 18.79 67.53 86.32 OK
r-patched-solaris-x86 1.8.6 132.40 OK
r-release-linux-x86_64 1.8.6 16.96 67.56 84.52 OK
r-release-osx-x86_64 1.8.6 OK
r-release-windows-ix86+x86_64 1.8.6 45.00 168.00 213.00 OK
r-oldrel-osx-x86_64 1.8.6 NOTE
r-oldrel-windows-ix86+x86_64 1.8.6 59.00 128.00 187.00 OK

Check Details

Version: 1.8.6
Check: dependencies in R code
Result: NOTE
    No protocol specified
    No protocol specified
Flavor: r-oldrel-osx-x86_64