CRAN Package Check Results for Package plyr

Last updated on 2019-09-18 01:47:02 CEST.

Flavor Version Tinstall Tcheck Ttotal Status Flags
r-devel-linux-x86_64-debian-clang 1.8.4 17.37 59.11 76.48 OK
r-devel-linux-x86_64-debian-gcc 1.8.4 12.82 46.06 58.88 OK
r-devel-linux-x86_64-fedora-clang 1.8.4 99.80 NOTE
r-devel-linux-x86_64-fedora-gcc 1.8.4 98.43 NOTE
r-devel-windows-ix86+x86_64 1.8.4 53.00 115.00 168.00 OK
r-patched-linux-x86_64 1.8.4 14.19 59.19 73.38 OK
r-patched-solaris-x86 1.8.4 122.60 OK
r-release-linux-x86_64 1.8.4 14.91 59.83 74.74 OK
r-release-windows-ix86+x86_64 1.8.4 39.00 152.00 191.00 OK
r-release-osx-x86_64 1.8.4 OK
r-oldrel-windows-ix86+x86_64 1.8.4 43.00 112.00 155.00 OK
r-oldrel-osx-x86_64 1.8.4 NOTE

Check Details

Version: 1.8.4
Check: compiled code
Result: NOTE
    File ‘plyr/libs/plyr.so’:
     Found no calls to: ‘R_registerRoutines’, ‘R_useDynamicSymbols’
    
    It is good practice to register native routines and to disable symbol
    search.
    
    See ‘Writing portable packages’ in the ‘Writing R Extensions’ manual.
Flavors: r-devel-linux-x86_64-fedora-clang, r-devel-linux-x86_64-fedora-gcc

Version: 1.8.4
Check: Rd \usage sections
Result: NOTE
    S3 methods shown with full name in documentation object 'rbind.fill':
     ‘rbind.fill’
    
    S3 methods shown with full name in documentation object 'rbind.fill.matrix':
     ‘rbind.fill.matrix’
    
    The \usage entries for S3 methods should use the \method markup and not
    their full name.
    See chapter ‘Writing R documentation files’ in the ‘Writing R
    Extensions’ manual.
Flavor: r-oldrel-osx-x86_64