CRAN Package Check Results for Package polyfreqs

Last updated on 2019-10-13 01:46:23 CEST.

Flavor Version Tinstall Tcheck Ttotal Status Flags
r-devel-linux-x86_64-debian-clang 1.0.2 39.82 78.46 118.28 NOTE
r-devel-linux-x86_64-debian-gcc 1.0.2 24.66 53.87 78.53 NOTE
r-devel-linux-x86_64-fedora-clang 1.0.2 155.82 NOTE
r-devel-linux-x86_64-fedora-gcc 1.0.2 136.24 NOTE
r-devel-windows-ix86+x86_64 1.0.2 68.00 142.00 210.00 OK
r-patched-linux-x86_64 1.0.2 27.05 70.37 97.42 OK
r-patched-solaris-x86 1.0.2 191.20 OK
r-release-linux-x86_64 1.0.2 26.73 72.88 99.61 OK
r-release-windows-ix86+x86_64 1.0.2 85.00 113.00 198.00 OK
r-release-osx-x86_64 1.0.2 OK
r-oldrel-windows-ix86+x86_64 1.0.2 59.00 117.00 176.00 OK
r-oldrel-osx-x86_64 1.0.2 OK

Check Details

Version: 1.0.2
Check: for non-standard things in the check directory
Result: NOTE
    Found the following files/directories:
     'polyfreqs-mcmc.out'
Flavors: r-devel-linux-x86_64-debian-clang, r-devel-linux-x86_64-debian-gcc, r-devel-linux-x86_64-fedora-clang, r-devel-linux-x86_64-fedora-gcc

Version: 1.0.2
Check: compiled code
Result: NOTE
    File ‘polyfreqs/libs/polyfreqs.so’:
     Found no calls to: ‘R_registerRoutines’, ‘R_useDynamicSymbols’
    
    It is good practice to register native routines and to disable symbol
    search.
    
    See ‘Writing portable packages’ in the ‘Writing R Extensions’ manual.
Flavors: r-devel-linux-x86_64-fedora-clang, r-devel-linux-x86_64-fedora-gcc