CRAN Package Check Results for Package polyfreqs

Last updated on 2020-05-25 01:49:00 CEST.

Flavor Version Tinstall Tcheck Ttotal Status Flags
r-devel-linux-x86_64-debian-clang 1.0.2 42.34 74.90 117.24 NOTE
r-devel-linux-x86_64-debian-gcc 1.0.2 29.39 55.90 85.29 NOTE
r-devel-linux-x86_64-fedora-clang 1.0.2 158.19 NOTE
r-devel-linux-x86_64-fedora-gcc 1.0.2 138.00 NOTE
r-devel-windows-ix86+x86_64 1.0.2 105.00 150.00 255.00 OK
r-patched-linux-x86_64 1.0.2 31.44 73.82 105.26 NOTE
r-patched-solaris-x86 1.0.2 227.60 NOTE
r-release-linux-x86_64 1.0.2 29.65 72.88 102.53 NOTE
r-release-osx-x86_64 1.0.2 OK
r-release-windows-ix86+x86_64 1.0.2 82.00 148.00 230.00 OK
r-oldrel-osx-x86_64 1.0.2 OK
r-oldrel-windows-ix86+x86_64 1.0.2 84.00 139.00 223.00 OK

Check Details

Version: 1.0.2
Check: for non-standard things in the check directory
Result: NOTE
    Found the following files/directories:
     'polyfreqs-mcmc.out'
Flavors: r-devel-linux-x86_64-debian-clang, r-devel-linux-x86_64-debian-gcc, r-devel-linux-x86_64-fedora-clang, r-devel-linux-x86_64-fedora-gcc, r-patched-linux-x86_64, r-patched-solaris-x86, r-release-linux-x86_64

Version: 1.0.2
Check: compiled code
Result: NOTE
    File ‘polyfreqs/libs/polyfreqs.so’:
     Found no calls to: ‘R_registerRoutines’, ‘R_useDynamicSymbols’
    
    It is good practice to register native routines and to disable symbol
    search.
    
    See ‘Writing portable packages’ in the ‘Writing R Extensions’ manual.
Flavors: r-devel-linux-x86_64-fedora-clang, r-devel-linux-x86_64-fedora-gcc