CRAN Package Check Results for Package porridge

Last updated on 2020-03-31 01:52:50 CEST.

Flavor Version Tinstall Tcheck Ttotal Status Flags
r-devel-linux-x86_64-debian-clang 0.0.4 57.40 33.91 91.31 OK
r-devel-linux-x86_64-debian-gcc 0.0.4 37.90 26.49 64.39 OK
r-devel-linux-x86_64-fedora-clang 0.0.4 127.19 NOTE
r-devel-linux-x86_64-fedora-gcc 0.0.4 111.81 OK
r-devel-windows-ix86+x86_64 0.0.4 83.00 71.00 154.00 OK
r-devel-windows-ix86+x86_64-gcc8 0.0.4 97.00 68.00 165.00 OK
r-patched-linux-x86_64 0.0.4 39.58 32.72 72.30 OK
r-patched-solaris-x86 0.0.4 114.50 OK
r-release-linux-x86_64 0.0.4 40.76 31.04 71.80 OK
r-release-windows-ix86+x86_64 0.0.4 120.00 79.00 199.00 OK
r-release-osx-x86_64 0.0.4 NOTE
r-oldrel-windows-ix86+x86_64 0.0.4 106.00 86.00 192.00 OK
r-oldrel-osx-x86_64 0.0.4 NOTE

Check Details

Version: 0.0.4
Check: installed package size
Result: NOTE
     installed size is 6.5Mb
     sub-directories of 1Mb or more:
     libs 6.3Mb
Flavors: r-devel-linux-x86_64-fedora-clang, r-release-osx-x86_64, r-oldrel-osx-x86_64