CRAN Package Check Results for Package prLogistic

Last updated on 2020-04-03 04:47:33 CEST.

Flavor Version Tinstall Tcheck Ttotal Status Flags
r-devel-linux-x86_64-debian-clang 1.2 12.00 103.75 115.75 NOTE
r-devel-linux-x86_64-debian-gcc 1.2 10.49 77.71 88.20 NOTE
r-devel-linux-x86_64-fedora-clang 1.2 129.24 NOTE
r-devel-linux-x86_64-fedora-gcc 1.2 128.93 NOTE
r-devel-windows-ix86+x86_64 1.2 31.00 98.00 129.00 NOTE
r-devel-windows-ix86+x86_64-gcc8 1.2 29.00 101.00 130.00 NOTE
r-patched-linux-x86_64 1.2 11.67 97.99 109.66 NOTE
r-patched-solaris-x86 1.2 207.30 NOTE
r-release-linux-x86_64 1.2 11.77 91.87 103.64 NOTE
r-release-windows-ix86+x86_64 1.2 24.00 120.00 144.00 NOTE
r-release-osx-x86_64 1.2 NOTE
r-oldrel-windows-ix86+x86_64 1.2 16.00 101.00 117.00 NOTE
r-oldrel-osx-x86_64 1.2 NOTE

Check Details

Version: 1.2
Check: R code for possible problems
Result: NOTE
    pr.conditional: no visible global function definition for 'qnorm'
    pr.marginal: no visible global function definition for 'qnorm'
    prLogisticDelta: no visible global function definition for 'glm'
    prLogisticDelta: no visible binding for global variable 'binomial'
    Undefined global functions or variables:
     binomial glm qnorm
    Consider adding
     importFrom("stats", "binomial", "glm", "qnorm")
    to your NAMESPACE file.
Flavors: r-devel-linux-x86_64-debian-clang, r-devel-linux-x86_64-debian-gcc, r-devel-linux-x86_64-fedora-clang, r-devel-linux-x86_64-fedora-gcc, r-devel-windows-ix86+x86_64, r-devel-windows-ix86+x86_64-gcc8, r-patched-linux-x86_64, r-patched-solaris-x86, r-release-linux-x86_64, r-release-windows-ix86+x86_64, r-release-osx-x86_64, r-oldrel-windows-ix86+x86_64, r-oldrel-osx-x86_64