CRAN Package Check Results for Package predint

Last updated on 2022-01-17 00:48:44 CET.

Flavor Version Tinstall Tcheck Ttotal Status Flags
r-devel-linux-x86_64-debian-clang 1.0.0 8.89 167.68 176.57 OK
r-devel-linux-x86_64-debian-gcc 1.0.0 8.60 122.68 131.28 OK
r-devel-linux-x86_64-fedora-clang 1.0.0 206.71 NOTE
r-devel-linux-x86_64-fedora-gcc 1.0.0 194.44 NOTE
r-devel-windows-x86_64-new-UL 1.0.0 40.00 174.00 214.00 OK
r-devel-windows-x86_64-new-TK 1.0.0 ERROR
r-patched-linux-x86_64 1.0.0 9.52 159.66 169.18 OK
r-release-linux-x86_64 1.0.0 OK
r-release-macos-arm64 1.0.0 NOTE
r-release-macos-x86_64 1.0.0 NOTE
r-release-windows-ix86+x86_64 1.0.0 21.00 187.00 208.00 OK
r-oldrel-macos-x86_64 1.0.0 NOTE
r-oldrel-windows-ix86+x86_64 1.0.0 20.00 190.00 210.00 OK

Check Details

Version: 1.0.0
Check: dependencies in R code
Result: NOTE
    Namespace in Imports field not imported from: ‘dplyr’
     All declared Imports should be used.
Flavors: r-devel-linux-x86_64-fedora-clang, r-devel-linux-x86_64-fedora-gcc, r-release-macos-arm64, r-release-macos-x86_64, r-oldrel-macos-x86_64

Version: 1.0.0
Check: package dependencies
Result: ERROR
    Package required but not available: 'lme4'
    
    See section 'The DESCRIPTION file' in the 'Writing R Extensions'
    manual.
Flavor: r-devel-windows-x86_64-new-TK