CRAN Package Check Results for Package processR

Last updated on 2019-09-23 01:46:50 CEST.

Flavor Version Tinstall Tcheck Ttotal Status Flags
r-devel-linux-x86_64-debian-clang 0.1.0 15.86 123.57 139.43 OK
r-devel-linux-x86_64-debian-gcc 0.1.0 13.41 95.72 109.13 OK
r-devel-linux-x86_64-fedora-clang 0.1.0 165.92 NOTE
r-devel-linux-x86_64-fedora-gcc 0.1.0 164.30 NOTE
r-devel-windows-ix86+x86_64 0.1.0 62.00 211.00 273.00 OK
r-patched-linux-x86_64 0.1.0 13.69 120.64 134.33 OK
r-patched-solaris-x86 0.1.0 251.90 NOTE
r-release-linux-x86_64 0.1.0 15.03 120.62 135.65 OK
r-release-windows-ix86+x86_64 0.1.0 73.00 208.00 281.00 OK
r-release-osx-x86_64 0.1.0 NOTE
r-oldrel-windows-ix86+x86_64 0.1.0 22.00 127.00 149.00 OK
r-oldrel-osx-x86_64 0.1.0 NOTE

Check Details

Version: 0.1.0
Check: dependencies in R code
Result: NOTE
    Namespaces in Imports field not imported from:
     ‘TH.data’ ‘jtools’ ‘modelr’ ‘prediction’ ‘rlang’ ‘tidyr’
     All declared Imports should be used.
Flavors: r-devel-linux-x86_64-fedora-clang, r-devel-linux-x86_64-fedora-gcc, r-patched-solaris-x86, r-release-osx-x86_64, r-oldrel-osx-x86_64