CRAN Package Check Results for Package profile

Last updated on 2020-05-31 01:48:49 CEST.

Flavor Version Tinstall Tcheck Ttotal Status Flags
r-devel-linux-x86_64-debian-clang 1.0.2 3.64 44.19 47.83 OK
r-devel-linux-x86_64-debian-gcc 1.0.2 2.93 31.61 34.54 OK
r-devel-linux-x86_64-fedora-clang 1.0.2 65.04 OK
r-devel-linux-x86_64-fedora-gcc 1.0.2 51.69 OK
r-devel-windows-ix86+x86_64 1.0.2 11.00 89.00 100.00 OK
r-patched-linux-x86_64 1.0.2 3.48 40.07 43.55 OK
r-patched-solaris-x86 1.0.2 66.10 NOTE
r-release-linux-x86_64 1.0.2 3.83 41.39 45.22 OK
r-release-osx-x86_64 1.0.2 OK
r-release-windows-ix86+x86_64 1.0.2 9.00 53.00 62.00 OK
r-oldrel-osx-x86_64 1.0.2 OK
r-oldrel-windows-ix86+x86_64 1.0.2 7.00 56.00 63.00 OK

Check Details

Version: 1.0.2
Check: package dependencies
Result: NOTE
    Package suggested but not available for checking: ‘RProtoBuf’
Flavor: r-patched-solaris-x86