CRAN Package Check Results for Package profile

Last updated on 2019-10-18 01:46:35 CEST.

Flavor Version Tinstall Tcheck Ttotal Status Flags
r-devel-linux-x86_64-debian-clang 1.0 2.61 27.67 30.28 OK
r-devel-linux-x86_64-debian-gcc 1.0 2.19 21.59 23.78 OK
r-devel-linux-x86_64-fedora-clang 1.0 37.21 OK
r-devel-linux-x86_64-fedora-gcc 1.0 34.63 OK
r-devel-windows-ix86+x86_64 1.0 11.00 40.00 51.00 OK
r-patched-linux-x86_64 1.0 1.96 27.28 29.24 OK
r-patched-solaris-x86 1.0 47.60 ERROR
r-release-linux-x86_64 1.0 2.45 26.89 29.34 OK
r-release-windows-ix86+x86_64 1.0 4.00 59.00 63.00 OK
r-release-osx-x86_64 1.0 OK
r-oldrel-windows-ix86+x86_64 1.0 4.00 37.00 41.00 OK
r-oldrel-osx-x86_64 1.0 OK

Check Details

Version: 1.0
Check: package dependencies
Result: NOTE
    Package suggested but not available for checking: ‘RProtoBuf’
Flavor: r-patched-solaris-x86

Version: 1.0
Check: examples
Result: ERROR
    Running examples in ‘profile-Ex.R’ failed
    The error most likely occurred in:
    
    > ### Name: read_rprof
    > ### Title: File I/O for profiler data
    > ### Aliases: read_rprof read_pprof write_rprof write_pprof
    >
    > ### ** Examples
    >
    > rprof_file <- system.file("samples/rprof/1.out", package = "profile")
    > ds <- read_rprof(rprof_file)
    > ds
    Profile data: 22 samples
    > pprof_file <- tempfile("profile", fileext = ".pb.gz")
    > write_pprof(ds, pprof_file)
    Error: Package RProtoBuf is required to read pprof files.
    Backtrace:
     █
     1. └─profile::write_pprof(ds, pprof_file)
     2. └─profile:::ds_to_msg(x)
     3. └─profile:::provide_proto()
    Execution halted
Flavor: r-patched-solaris-x86