CRAN Package Check Results for Package progress

Last updated on 2019-09-16 01:47:05 CEST.

Flavor Version Tinstall Tcheck Ttotal Status Flags
r-devel-linux-x86_64-debian-clang 1.2.2 3.21 26.85 30.06 OK
r-devel-linux-x86_64-debian-gcc 1.2.2 2.68 20.97 23.65 OK
r-devel-linux-x86_64-fedora-clang 1.2.2 36.46 OK
r-devel-linux-x86_64-fedora-gcc 1.2.2 37.72 OK
r-devel-windows-ix86+x86_64 1.2.2 10.00 42.00 52.00 OK
r-patched-linux-x86_64 1.2.2 3.27 26.25 29.52 OK
r-patched-solaris-x86 1.2.2 54.00 OK
r-release-linux-x86_64 1.2.2 2.86 26.12 28.98 OK
r-release-windows-ix86+x86_64 1.2.2 8.00 40.00 48.00 OK
r-release-osx-x86_64 1.2.2 OK
r-oldrel-windows-ix86+x86_64 1.2.2 7.00 35.00 42.00 WARN
r-oldrel-osx-x86_64 1.2.2 OK

Check Details

Version: 1.2.2
Check: whether package can be installed
Result: WARN
    Found the following significant warnings:
     Warning: S3 methods '$.tbl_df', '[.tbl_df', '[[.tbl_df', 'names<-.tbl_df', 'row.names<-.tbl_df', 'as.data.frame.tbl_df', 'as_tibble.NULL', 'as_tibble.data.frame', 'as_tibble.default', 'as_tibble.list', 'as_tibble.matrix', 'as_tibble.poly', 'as_tibble.table', 'as_tibble.ts', 'format.tbl', 'format.trunc_mat', 'format_v.character', 'format_v.default', 'format_v.factor', 'format_v.list', 'glimpse.data.frame', 'glimpse.default', 'glimpse.tbl', 'print.tbl', 'print.trunc_mat', 'quote_n.character', 'quote_n.default', 'tbl_sum.default', 'tbl_sum.tbl', 'type_sum.tbl_df' were declared in NAMESPACE but not found
Flavor: r-oldrel-windows-ix86+x86_64