CRAN Package Check Results for Package projections

Last updated on 2020-05-29 01:50:17 CEST.

Flavor Version Tinstall Tcheck Ttotal Status Flags
r-devel-linux-x86_64-debian-clang 0.3.1 2.55 28.34 30.89 OK
r-devel-linux-x86_64-debian-gcc 0.3.1 2.13 22.58 24.71 OK
r-devel-linux-x86_64-fedora-clang 0.3.1 37.41 NOTE
r-devel-linux-x86_64-fedora-gcc 0.3.1 37.10 NOTE
r-devel-windows-ix86+x86_64 0.3.1 14.00 60.00 74.00 OK
r-patched-linux-x86_64 0.3.1 2.67 28.08 30.75 OK
r-patched-solaris-x86 0.3.1 54.50 NOTE
r-release-linux-x86_64 0.3.1 2.70 28.45 31.15 OK
r-release-osx-x86_64 0.3.1 NOTE
r-release-windows-ix86+x86_64 0.3.1 8.00 144.00 152.00 OK
r-oldrel-osx-x86_64 0.3.1 NOTE
r-oldrel-windows-ix86+x86_64 0.3.1 5.00 41.00 46.00 OK

Check Details

Version: 0.3.1
Check: dependencies in R code
Result: NOTE
    Namespace in Imports field not imported from: ‘distcrete’
     All declared Imports should be used.
Flavors: r-devel-linux-x86_64-fedora-clang, r-devel-linux-x86_64-fedora-gcc, r-patched-solaris-x86, r-release-osx-x86_64, r-oldrel-osx-x86_64