CRAN Package Check Results for Package projections

Last updated on 2019-10-14 01:46:32 CEST.

Flavor Version Tinstall Tcheck Ttotal Status Flags
r-devel-linux-x86_64-debian-clang 0.3.1 2.35 25.73 28.08 OK
r-devel-linux-x86_64-debian-gcc 0.3.1 1.91 20.29 22.20 OK
r-devel-linux-x86_64-fedora-clang 0.3.1 35.34 NOTE
r-devel-linux-x86_64-fedora-gcc 0.3.1 33.10 NOTE
r-devel-windows-ix86+x86_64 0.3.1 7.00 60.00 67.00 OK
r-patched-linux-x86_64 0.3.1 2.02 24.57 26.59 OK
r-patched-solaris-x86 0.3.1 49.20 NOTE
r-release-linux-x86_64 0.3.1 2.04 25.00 27.04 OK
r-release-windows-ix86+x86_64 0.3.1 10.00 39.00 49.00 OK
r-release-osx-x86_64 0.3.1 NOTE
r-oldrel-windows-ix86+x86_64 0.3.1 3.00 37.00 40.00 OK
r-oldrel-osx-x86_64 0.3.1 NOTE

Check Details

Version: 0.3.1
Check: dependencies in R code
Result: NOTE
    Namespace in Imports field not imported from: ‘distcrete’
     All declared Imports should be used.
Flavors: r-devel-linux-x86_64-fedora-clang, r-devel-linux-x86_64-fedora-gcc, r-patched-solaris-x86, r-release-osx-x86_64, r-oldrel-osx-x86_64