CRAN Package Check Results for Package provViz

Last updated on 2020-09-15 02:53:25 CEST.

Flavor Version Tinstall Tcheck Ttotal Status Flags
r-devel-linux-x86_64-debian-clang 1.0.7 2.03 17.73 19.76 NOTE
r-devel-linux-x86_64-debian-gcc 1.0.7 1.69 14.29 15.98 NOTE
r-devel-linux-x86_64-fedora-clang 1.0.7 34.52 NOTE
r-devel-linux-x86_64-fedora-gcc 1.0.7 23.69 NOTE
r-devel-windows-ix86+x86_64 1.0.7 7.00 28.00 35.00 NOTE
r-patched-linux-x86_64 1.0.7 2.11 17.67 19.78 NOTE
r-patched-solaris-x86 1.0.7 37.70 NOTE
r-release-linux-x86_64 1.0.7 2.14 17.64 19.78 NOTE
r-release-macos-x86_64 1.0.7 NOTE
r-release-windows-ix86+x86_64 1.0.7 5.00 33.00 38.00 NOTE
r-oldrel-macos-x86_64 1.0.7 NOTE
r-oldrel-windows-ix86+x86_64 1.0.7 3.00 34.00 37.00 NOTE

Check Details

Version: 1.0.7
Check: package dependencies
Result: NOTE
    Package suggested but not available for checking: 'rdt'
Flavors: r-devel-linux-x86_64-debian-clang, r-devel-linux-x86_64-debian-gcc, r-devel-linux-x86_64-fedora-clang, r-devel-linux-x86_64-fedora-gcc, r-devel-windows-ix86+x86_64, r-patched-linux-x86_64, r-patched-solaris-x86, r-release-linux-x86_64, r-release-macos-x86_64, r-release-windows-ix86+x86_64, r-oldrel-macos-x86_64, r-oldrel-windows-ix86+x86_64