CRAN Package Check Results for Package pscl

Last updated on 2019-09-19 01:50:34 CEST.

Flavor Version Tinstall Tcheck Ttotal Status Flags
r-devel-linux-x86_64-debian-clang 1.5.2 11.50 92.87 104.37 OK
r-devel-linux-x86_64-debian-gcc 1.5.2 8.84 71.39 80.23 OK
r-devel-linux-x86_64-fedora-clang 1.5.2 122.21 OK
r-devel-linux-x86_64-fedora-gcc 1.5.2 119.18 OK
r-devel-windows-ix86+x86_64 1.5.2 51.00 152.00 203.00 OK
r-patched-linux-x86_64 1.5.2 10.02 92.90 102.92 OK
r-patched-solaris-x86 1.5.2 170.90 OK
r-release-linux-x86_64 1.5.2 10.71 93.34 104.05 OK
r-release-windows-ix86+x86_64 1.5.2 32.00 198.00 230.00 OK
r-release-osx-x86_64 1.5.2 NOTE
r-oldrel-windows-ix86+x86_64 1.5.2 31.00 150.00 181.00 OK
r-oldrel-osx-x86_64 1.5.2 OK

Check Details

Version: 1.5.2
Check: package dependencies
Result: NOTE
    Package suggested but not available for checking: ‘zoo’
Flavor: r-release-osx-x86_64