CRAN Package Check Results for Package pysd2r

Last updated on 2019-10-19 01:50:22 CEST.

Flavor Version Tinstall Tcheck Ttotal Status Flags
r-devel-linux-x86_64-debian-clang 0.1.0 3.78 22.35 26.13 OK
r-devel-linux-x86_64-debian-gcc 0.1.0 3.08 18.04 21.12 OK
r-devel-linux-x86_64-fedora-clang 0.1.0 34.08 NOTE
r-devel-linux-x86_64-fedora-gcc 0.1.0 33.14 NOTE
r-devel-windows-ix86+x86_64 0.1.0 12.00 31.00 43.00 OK
r-patched-linux-x86_64 0.1.0 3.88 21.71 25.59 OK
r-patched-solaris-x86 0.1.0 50.80 NOTE
r-release-linux-x86_64 0.1.0 3.05 22.18 25.23 OK
r-release-windows-ix86+x86_64 0.1.0 6.00 50.00 56.00 OK
r-release-osx-x86_64 0.1.0 NOTE
r-oldrel-windows-ix86+x86_64 0.1.0 4.00 32.00 36.00 OK
r-oldrel-osx-x86_64 0.1.0 NOTE

Check Details

Version: 0.1.0
Check: dependencies in R code
Result: NOTE
    Namespace in Imports field not imported from: ‘knitr’
     All declared Imports should be used.
Flavors: r-devel-linux-x86_64-fedora-clang, r-devel-linux-x86_64-fedora-gcc, r-patched-solaris-x86, r-release-osx-x86_64, r-oldrel-osx-x86_64