CRAN Package Check Results for Package qMRI

Last updated on 2019-10-20 01:46:59 CEST.

Flavor Version Tinstall Tcheck Ttotal Status Flags
r-devel-linux-x86_64-debian-clang 1.0.1 9.54 197.27 206.81 OK
r-devel-linux-x86_64-debian-gcc 1.0.1 7.13 140.70 147.83 OK
r-devel-linux-x86_64-fedora-clang 1.0.1 228.32 NOTE
r-devel-linux-x86_64-fedora-gcc 1.0.1 223.89 NOTE
r-devel-windows-ix86+x86_64 1.0.1 25.00 269.00 294.00 OK
r-patched-linux-x86_64 1.0.1 8.69 186.12 194.81 OK
r-patched-solaris-x86 1.0.1 254.00 NOTE
r-release-linux-x86_64 1.0.1 8.38 187.42 195.80 OK
r-release-windows-ix86+x86_64 1.0.1 25.00 361.00 386.00 OK
r-release-osx-x86_64 1.0.1 NOTE
r-oldrel-windows-ix86+x86_64 1.0.1 18.00 262.00 280.00 OK
r-oldrel-osx-x86_64 1.0.1 NOTE

Check Details

Version: 1.0.1
Check: dependencies in R code
Result: NOTE
    Namespace in Imports field not imported from: ‘dti’
     All declared Imports should be used.
Flavors: r-devel-linux-x86_64-fedora-clang, r-devel-linux-x86_64-fedora-gcc, r-patched-solaris-x86, r-release-osx-x86_64, r-oldrel-osx-x86_64