CRAN Package Check Results for Package qlcData

Last updated on 2020-03-26 02:25:33 CET.

Flavor Version Tinstall Tcheck Ttotal Status Flags
r-devel-linux-x86_64-debian-clang 0.2.1 4.70 49.01 53.71 WARN
r-devel-linux-x86_64-debian-gcc 0.2.1 4.13 38.39 42.52 WARN
r-devel-linux-x86_64-fedora-clang 0.2.1 70.94 WARN
r-devel-linux-x86_64-fedora-gcc 0.2.1 62.25 WARN
r-devel-windows-ix86+x86_64 0.2.1 13.00 63.00 76.00 WARN
r-devel-windows-ix86+x86_64-gcc8 0.2.1 13.00 68.00 81.00 OK
r-patched-linux-x86_64 0.2.1 3.45 43.62 47.07 OK
r-patched-solaris-x86 0.2.1 109.10 WARN
r-release-linux-x86_64 0.2.1 4.53 43.79 48.32 OK
r-release-windows-ix86+x86_64 0.2.1 17.00 91.00 108.00 OK
r-release-osx-x86_64 0.2.1 NOTE
r-oldrel-windows-ix86+x86_64 0.2.1 12.00 93.00 105.00 OK
r-oldrel-osx-x86_64 0.2.1 NOTE

Check Details

Version: 0.2.1
Check: re-building of vignette outputs
Result: WARN
    Error(s) in re-building vignettes:
     ...
    --- re-building 'orthography_processing.Rmd' using rmarkdown
    Quitting from lines 70-72 (orthography_processing.Rmd)
    Error: processing vignette 'orthography_processing.Rmd' failed with diagnostics:
    invalid multibyte string, element 8
    --- failed re-building 'orthography_processing.Rmd'
    
    --- re-building 'recoding_nominal_data.Rmd' using rmarkdown
    Quitting from lines 49-60 (recoding_nominal_data.Rmd)
    Error: processing vignette 'recoding_nominal_data.Rmd' failed with diagnostics:
    factor level [3] is duplicated
    --- failed re-building 'recoding_nominal_data.Rmd'
    
    SUMMARY: processing the following files failed:
     'orthography_processing.Rmd' 'recoding_nominal_data.Rmd'
    
    Error: Vignette re-building failed.
    Execution halted
Flavor: r-devel-linux-x86_64-debian-clang

Version: 0.2.1
Check: re-building of vignette outputs
Result: WARN
    Error(s) in re-building vignettes:
     ...
    --- re-building ‘orthography_processing.Rmd’ using rmarkdown
    --- finished re-building ‘orthography_processing.Rmd’
    
    --- re-building ‘recoding_nominal_data.Rmd’ using rmarkdown
    Quitting from lines 49-60 (recoding_nominal_data.Rmd)
    Error: processing vignette 'recoding_nominal_data.Rmd' failed with diagnostics:
    factor level [3] is duplicated
    --- failed re-building ‘recoding_nominal_data.Rmd’
    
    SUMMARY: processing the following file failed:
     ‘recoding_nominal_data.Rmd’
    
    Error: Vignette re-building failed.
    Execution halted
Flavor: r-devel-linux-x86_64-debian-gcc

Version: 0.2.1
Check: data for non-ASCII characters
Result: NOTE
     Note: found 1459 marked UTF-8 strings
Flavors: r-devel-linux-x86_64-fedora-clang, r-devel-linux-x86_64-fedora-gcc, r-patched-solaris-x86, r-release-osx-x86_64, r-oldrel-osx-x86_64

Version: 0.2.1
Check: re-building of vignette outputs
Result: WARN
    Error(s) in re-building vignettes:
    --- re-building ‘orthography_processing.Rmd’ using rmarkdown
    --- finished re-building ‘orthography_processing.Rmd’
    
    --- re-building ‘recoding_nominal_data.Rmd’ using rmarkdown
    Quitting from lines 49-60 (recoding_nominal_data.Rmd)
    Error: processing vignette 'recoding_nominal_data.Rmd' failed with diagnostics:
    factor level [3] is duplicated
    --- failed re-building ‘recoding_nominal_data.Rmd’
    
    SUMMARY: processing the following file failed:
     ‘recoding_nominal_data.Rmd’
    
    Error: Vignette re-building failed.
    Execution halted
Flavors: r-devel-linux-x86_64-fedora-clang, r-devel-linux-x86_64-fedora-gcc, r-devel-windows-ix86+x86_64

Version: 0.2.1
Check: re-building of vignette outputs
Result: WARN
    Error(s) in re-building vignettes:
     ...
    --- re-building ‘orthography_processing.Rmd’ using rmarkdown
    Warning in engine$weave(file, quiet = quiet, encoding = enc) :
     Pandoc (>= 1.12.3) and/or pandoc-citeproc not available. Falling back to R Markdown v1.
    --- finished re-building ‘orthography_processing.Rmd’
    
    --- re-building ‘recoding_nominal_data.Rmd’ using rmarkdown
    Warning in engine$weave(file, quiet = quiet, encoding = enc) :
     Pandoc (>= 1.12.3) and/or pandoc-citeproc not available. Falling back to R Markdown v1.
    Quitting from lines 49-60 (recoding_nominal_data.Rmd)
    Error: processing vignette 'recoding_nominal_data.Rmd' failed with diagnostics:
    factor level [3] is duplicated
    --- failed re-building ‘recoding_nominal_data.Rmd’
    
    SUMMARY: processing the following file failed:
     ‘recoding_nominal_data.Rmd’
    
    Error: Vignette re-building failed.
    Execution halted
Flavor: r-patched-solaris-x86