CRAN Package Check Results for Package qte

Last updated on 2020-01-26 00:48:18 CET.

Flavor Version Tinstall Tcheck Ttotal Status Flags
r-devel-linux-x86_64-debian-clang 1.3.0 13.02 127.39 140.41 OK
r-devel-linux-x86_64-debian-gcc 1.3.0 11.17 100.45 111.62 OK
r-devel-linux-x86_64-fedora-clang 1.3.0 169.20 NOTE
r-devel-linux-x86_64-fedora-gcc 1.3.0 164.35 NOTE
r-devel-windows-ix86+x86_64 1.3.0 46.00 189.00 235.00 OK
r-devel-windows-ix86+x86_64-gcc8 1.3.0 43.00 133.00 176.00 OK
r-patched-linux-x86_64 1.3.0 10.23 111.65 121.88 OK
r-patched-solaris-x86 1.3.0 222.00 NOTE
r-release-linux-x86_64 1.3.0 9.04 111.24 120.28 OK
r-release-windows-ix86+x86_64 1.3.0 22.00 144.00 166.00 OK
r-release-osx-x86_64 1.3.0 NOTE
r-oldrel-windows-ix86+x86_64 1.3.0 15.00 115.00 130.00 OK
r-oldrel-osx-x86_64 1.3.0 NOTE

Check Details

Version: 1.3.0
Check: dependencies in R code
Result: NOTE
    Namespaces in Imports field not imported from:
     ‘knitr’ ‘msm’
     All declared Imports should be used.
Flavors: r-devel-linux-x86_64-fedora-clang, r-devel-linux-x86_64-fedora-gcc, r-patched-solaris-x86, r-release-osx-x86_64, r-oldrel-osx-x86_64