CRAN Package Check Results for Package qte

Last updated on 2019-09-15 01:47:03 CEST.

Flavor Version Tinstall Tcheck Ttotal Status Flags
r-devel-linux-x86_64-debian-clang 1.3.0 11.44 116.41 127.85 OK
r-devel-linux-x86_64-debian-gcc 1.3.0 9.86 91.06 100.92 OK
r-devel-linux-x86_64-fedora-clang 1.3.0 152.27 NOTE
r-devel-linux-x86_64-fedora-gcc 1.3.0 149.26 NOTE
r-devel-windows-ix86+x86_64 1.3.0 37.00 194.00 231.00 OK
r-patched-linux-x86_64 1.3.0 9.79 113.39 123.18 OK
r-patched-solaris-x86 1.3.0 221.60 NOTE
r-release-linux-x86_64 1.3.0 11.43 113.15 124.58 OK
r-release-windows-ix86+x86_64 1.3.0 26.00 180.00 206.00 OK
r-release-osx-x86_64 1.3.0 NOTE
r-oldrel-windows-ix86+x86_64 1.3.0 23.00 113.00 136.00 OK
r-oldrel-osx-x86_64 1.3.0 NOTE

Check Details

Version: 1.3.0
Check: dependencies in R code
Result: NOTE
    Namespaces in Imports field not imported from:
     ‘knitr’ ‘msm’
     All declared Imports should be used.
Flavors: r-devel-linux-x86_64-fedora-clang, r-devel-linux-x86_64-fedora-gcc, r-patched-solaris-x86, r-release-osx-x86_64, r-oldrel-osx-x86_64