CRAN Package Check Results for Package qualpalr

Last updated on 2020-05-28 01:53:25 CEST.

Flavor Version Tinstall Tcheck Ttotal Status Flags
r-devel-linux-x86_64-debian-clang 0.4.3 34.21 40.21 74.42 NOTE
r-devel-linux-x86_64-debian-gcc 0.4.3 25.18 31.98 57.16 NOTE
r-devel-linux-x86_64-fedora-clang 0.4.3 96.67 NOTE
r-devel-linux-x86_64-fedora-gcc 0.4.3 92.34 NOTE
r-devel-windows-ix86+x86_64 0.4.3 92.00 103.00 195.00 NOTE
r-patched-linux-x86_64 0.4.3 25.54 39.98 65.52 NOTE
r-patched-solaris-x86 0.4.3 108.90 WARN
r-release-linux-x86_64 0.4.3 26.11 40.57 66.68 NOTE
r-release-osx-x86_64 0.4.3 NOTE
r-release-windows-ix86+x86_64 0.4.3 66.00 106.00 172.00 NOTE
r-oldrel-osx-x86_64 0.4.3 WARN
r-oldrel-windows-ix86+x86_64 0.4.3 85.00 76.00 161.00 NOTE

Check Details

Version: 0.4.3
Check: for GNU extensions in Makefiles
Result: NOTE
    GNU make is a SystemRequirements.
Flavors: r-devel-linux-x86_64-debian-clang, r-devel-linux-x86_64-debian-gcc, r-devel-linux-x86_64-fedora-clang, r-devel-linux-x86_64-fedora-gcc, r-devel-windows-ix86+x86_64, r-patched-linux-x86_64, r-patched-solaris-x86, r-release-linux-x86_64, r-release-osx-x86_64, r-release-windows-ix86+x86_64, r-oldrel-osx-x86_64, r-oldrel-windows-ix86+x86_64

Version: 0.4.3
Check: re-building of vignette outputs
Result: WARN
    Error(s) in re-building vignettes:
     ...
    --- re-building ‘introduction.Rmd’ using rmarkdown
    Warning in engine$weave(file, quiet = quiet, encoding = enc) :
     Pandoc (>= 1.12.3) and/or pandoc-citeproc not available. Falling back to R Markdown v1.
    Quitting from lines 83-117 (introduction.Rmd)
    Error: processing vignette 'introduction.Rmd' failed with diagnostics:
    cannot open the connection
    --- failed re-building ‘introduction.Rmd’
    
    SUMMARY: processing the following file failed:
     ‘introduction.Rmd’
    
    Error: Vignette re-building failed.
    Execution halted
Flavors: r-patched-solaris-x86, r-oldrel-osx-x86_64