CRAN Package Check Results for Package qut

Last updated on 2020-04-01 18:48:26 CEST.

Flavor Version Tinstall Tcheck Ttotal Status Flags
r-devel-linux-x86_64-debian-clang 2.1 9.38 74.76 84.14 OK
r-devel-linux-x86_64-debian-gcc 2.1 7.27 58.56 65.83 OK
r-devel-linux-x86_64-fedora-clang 2.1 99.73 WARN
r-devel-linux-x86_64-fedora-gcc 2.1 97.71 OK
r-devel-windows-ix86+x86_64 2.1 17.00 73.00 90.00 OK
r-devel-windows-ix86+x86_64-gcc8 2.1 15.00 83.00 98.00 OK
r-patched-linux-x86_64 2.1 8.42 72.29 80.71 OK
r-patched-solaris-x86 2.1 163.00 OK
r-release-linux-x86_64 2.1 7.45 67.58 75.03 OK
r-release-windows-ix86+x86_64 2.1 17.00 114.00 131.00 OK
r-release-osx-x86_64 2.1 OK
r-oldrel-windows-ix86+x86_64 2.1 15.00 118.00 133.00 OK
r-oldrel-osx-x86_64 2.1 OK

Check Details

Version: 2.1
Check: package dependencies
Result: WARN
    Requires orphaned package: ‘flare’
Flavor: r-devel-linux-x86_64-fedora-clang