CRAN Package Check Results for Package rAmCharts

Last updated on 2020-09-15 02:53:26 CEST.

Flavor Version Tinstall Tcheck Ttotal Status Flags
r-devel-linux-x86_64-debian-clang 2.1.13 20.85 115.99 136.84 OK
r-devel-linux-x86_64-debian-gcc 2.1.13 13.43 85.99 99.42 OK
r-devel-linux-x86_64-fedora-clang 2.1.13 155.15 NOTE
r-devel-linux-x86_64-fedora-gcc 2.1.13 139.97 OK
r-devel-windows-ix86+x86_64 2.1.13 32.00 116.00 148.00 NOTE
r-patched-linux-x86_64 2.1.13 16.91 104.59 121.50 OK
r-patched-solaris-x86 2.1.13 176.50 NOTE
r-release-linux-x86_64 2.1.13 17.11 106.22 123.33 OK
r-release-macos-x86_64 2.1.13 NOTE
r-release-windows-ix86+x86_64 2.1.13 29.00 153.00 182.00 NOTE
r-oldrel-macos-x86_64 2.1.13 NOTE
r-oldrel-windows-ix86+x86_64 2.1.13 22.00 137.00 159.00 NOTE

Check Details

Version: 2.1.13
Check: installed package size
Result: NOTE
     installed size is 12.0Mb
     sub-directories of 1Mb or more:
     api 3.2Mb
     htmlwidgets 7.1Mb
Flavors: r-devel-linux-x86_64-fedora-clang, r-devel-windows-ix86+x86_64, r-patched-solaris-x86, r-release-macos-x86_64, r-release-windows-ix86+x86_64, r-oldrel-macos-x86_64, r-oldrel-windows-ix86+x86_64