CRAN Package Check Results for Package rCRM

Last updated on 2020-05-25 01:49:02 CEST.

Flavor Version Tinstall Tcheck Ttotal Status Flags
r-devel-linux-x86_64-debian-clang 0.1 31.08 24.40 55.48 NOTE
r-devel-linux-x86_64-debian-gcc 0.1 23.18 19.63 42.81 NOTE
r-devel-linux-x86_64-fedora-clang 0.1 74.62 NOTE
r-devel-linux-x86_64-fedora-gcc 0.1 68.39 NOTE
r-devel-windows-ix86+x86_64 0.1 74.00 75.00 149.00 NOTE
r-patched-linux-x86_64 0.1 23.11 24.76 47.87 NOTE
r-patched-solaris-x86 0.1 74.70 NOTE
r-release-linux-x86_64 0.1 25.37 24.65 50.02 NOTE
r-release-osx-x86_64 0.1 NOTE
r-release-windows-ix86+x86_64 0.1 52.00 81.00 133.00 NOTE
r-oldrel-osx-x86_64 0.1 NOTE
r-oldrel-windows-ix86+x86_64 0.1 54.00 71.00 125.00 NOTE

Check Details

Version: 0.1
Check: line endings in C/C++/Fortran sources/headers
Result: NOTE
    Found the following sources/headers with CR or CRLF line endings:
     inst/include/rCRM.h
     inst/include/rCRM_RcppExports.h
    Some Unix compilers require LF line endings.
Flavors: r-devel-linux-x86_64-debian-clang, r-devel-linux-x86_64-debian-gcc, r-devel-linux-x86_64-fedora-clang, r-devel-linux-x86_64-fedora-gcc, r-devel-windows-ix86+x86_64, r-patched-linux-x86_64, r-patched-solaris-x86, r-release-linux-x86_64, r-release-osx-x86_64, r-release-windows-ix86+x86_64, r-oldrel-osx-x86_64, r-oldrel-windows-ix86+x86_64