CRAN Package Check Results for Package rIsing

Last updated on 2020-10-30 00:46:50 CET.

Flavor Version Tinstall Tcheck Ttotal Status Flags
r-devel-linux-x86_64-debian-clang 0.1.0 39.93 28.95 68.88 OK
r-devel-linux-x86_64-debian-gcc 0.1.0 28.68 22.96 51.64 OK
r-devel-linux-x86_64-fedora-clang 0.1.0 101.20 NOTE
r-devel-linux-x86_64-fedora-gcc 0.1.0 89.19 NOTE
r-devel-windows-ix86+x86_64 0.1.0 80.00 72.00 152.00 OK
r-patched-linux-x86_64 0.1.0 34.32 27.93 62.25 OK
r-patched-solaris-x86 0.1.0 87.50 OK
r-release-linux-x86_64 0.1.0 34.37 27.94 62.31 OK
r-release-macos-x86_64 0.1.0 NOTE
r-release-windows-ix86+x86_64 0.1.0 58.00 70.00 128.00 OK
r-oldrel-macos-x86_64 0.1.0 NOTE
r-oldrel-windows-ix86+x86_64 0.1.0 72.00 69.00 141.00 OK

Check Details

Version: 0.1.0
Check: installed package size
Result: NOTE
     installed size is 11.9Mb
     sub-directories of 1Mb or more:
     libs 11.8Mb
Flavors: r-devel-linux-x86_64-fedora-clang, r-release-macos-x86_64, r-oldrel-macos-x86_64

Version: 0.1.0
Check: compiled code
Result: NOTE
    File ‘rIsing/libs/rIsing.so’:
     Found no calls to: ‘R_registerRoutines’, ‘R_useDynamicSymbols’
    
    It is good practice to register native routines and to disable symbol
    search.
    
    See ‘Writing portable packages’ in the ‘Writing R Extensions’ manual.
Flavors: r-devel-linux-x86_64-fedora-clang, r-devel-linux-x86_64-fedora-gcc