CRAN Package Check Results for Package randomizeR

Last updated on 2020-03-26 02:25:34 CET.

Flavor Version Tinstall Tcheck Ttotal Status Flags
r-devel-linux-x86_64-debian-clang 2.0.0 23.06 184.54 207.60 OK
r-devel-linux-x86_64-debian-gcc 2.0.0 19.22 140.10 159.32 OK
r-devel-linux-x86_64-fedora-clang 2.0.0 271.64 OK
r-devel-linux-x86_64-fedora-gcc 2.0.0 246.83 OK
r-devel-windows-ix86+x86_64 2.0.0 42.00 153.00 195.00 OK
r-devel-windows-ix86+x86_64-gcc8 2.0.0 42.00 178.00 220.00 OK
r-patched-linux-x86_64 2.0.0 20.99 165.94 186.93 OK
r-patched-solaris-x86 2.0.0 324.20 OK
r-release-linux-x86_64 2.0.0 20.98 162.98 183.96 OK
r-release-windows-ix86+x86_64 2.0.0 55.00 227.00 282.00 OK
r-release-osx-x86_64 2.0.0 OK
r-oldrel-windows-ix86+x86_64 1.4.2 34.00 178.00 212.00 OK
r-oldrel-osx-x86_64 2.0.0 ERROR

Check Details

Version: 2.0.0
Check: whether package can be installed
Result: ERROR
    Installation failed.
Flavor: r-oldrel-osx-x86_64