CRAN Package Check Results for Package rapbase

Last updated on 2020-06-05 01:50:12 CEST.

Flavor Version Tinstall Tcheck Ttotal Status Flags
r-devel-linux-x86_64-debian-clang 1.10.0 3.22 30.67 33.89 OK
r-devel-linux-x86_64-debian-gcc 1.10.0 2.58 24.07 26.65 OK
r-devel-linux-x86_64-fedora-clang 1.10.0 52.83 NOTE
r-devel-linux-x86_64-fedora-gcc 1.10.0 151.49 NOTE
r-devel-windows-ix86+x86_64 1.10.0 22.00 72.00 94.00 OK
r-patched-linux-x86_64 1.10.0 2.92 30.83 33.75 OK
r-patched-solaris-x86 1.10.0 57.80 NOTE
r-release-linux-x86_64 1.10.0 3.34 30.54 33.88 OK
r-release-osx-x86_64 1.10.0 ERROR
r-release-windows-ix86+x86_64 1.10.0 10.00 67.00 77.00 OK
r-oldrel-osx-x86_64 1.10.0 NOTE
r-oldrel-windows-ix86+x86_64 1.10.0 13.00 46.00 59.00 OK

Check Details

Version: 1.10.0
Check: dependencies in R code
Result: NOTE
    Namespace in Imports field not imported from: ‘RJDBC’
     All declared Imports should be used.
Flavors: r-devel-linux-x86_64-fedora-clang, r-devel-linux-x86_64-fedora-gcc, r-patched-solaris-x86, r-release-osx-x86_64, r-oldrel-osx-x86_64

Version: 1.10.0
Check: examples
Result: ERROR
    Running examples in ‘rapbase-Ex.R’ failed
    The error most likely occurred in:
    
    > ### Name: getRapPackages
    > ### Title: Get all installed Rapporteket packages
    > ### Aliases: getRapPackages
    >
    > ### ** Examples
    >
    > getRapPackages()
    Warning in utils::packageDescription(pkg) :
     DESCRIPTION file of package 'plsRbeta' is missing or broken
    Error: $ operator is invalid for atomic vectors
    Execution halted
Flavor: r-release-osx-x86_64