CRAN Package Check Results for Package rapbase

Last updated on 2019-10-22 01:49:36 CEST.

Flavor Version Tinstall Tcheck Ttotal Status Flags
r-devel-linux-x86_64-debian-clang 1.10.0 3.56 101.92 105.48 OK
r-devel-linux-x86_64-debian-gcc 1.10.0 2.58 78.41 80.99 OK
r-devel-linux-x86_64-fedora-clang 1.10.0 118.42 NOTE
r-devel-linux-x86_64-fedora-gcc 1.10.0 117.36 NOTE
r-devel-windows-ix86+x86_64 1.10.0 13.00 61.00 74.00 OK
r-patched-linux-x86_64 1.10.0 2.22 99.47 101.69 OK
r-patched-solaris-x86 1.10.0 51.10 NOTE
r-release-linux-x86_64 1.10.0 2.90 101.21 104.11 OK
r-release-windows-ix86+x86_64 1.10.0 11.00 39.00 50.00 OK
r-release-osx-x86_64 1.10.0 NOTE
r-oldrel-windows-ix86+x86_64 1.10.0 5.00 39.00 44.00 OK
r-oldrel-osx-x86_64 1.10.0 NOTE

Check Details

Version: 1.10.0
Check: dependencies in R code
Result: NOTE
    Namespace in Imports field not imported from: ‘RJDBC’
     All declared Imports should be used.
Flavors: r-devel-linux-x86_64-fedora-clang, r-devel-linux-x86_64-fedora-gcc, r-patched-solaris-x86, r-release-osx-x86_64, r-oldrel-osx-x86_64