CRAN Package Check Results for Package rcrossref

Last updated on 2019-10-23 03:48:38 CEST.

Flavor Version Tinstall Tcheck Ttotal Status Flags
r-devel-linux-x86_64-debian-clang 0.9.2 8.24 174.58 182.82 OK
r-devel-linux-x86_64-debian-gcc 0.9.2 6.27 136.94 143.21 OK
r-devel-linux-x86_64-fedora-clang 0.9.2 215.07 OK
r-devel-linux-x86_64-fedora-gcc 0.9.2 217.46 OK
r-devel-windows-ix86+x86_64 0.9.2 23.00 261.00 284.00 WARN
r-patched-linux-x86_64 0.9.2 8.81 180.37 189.18 OK
r-patched-solaris-x86 0.9.2 289.70 OK
r-release-linux-x86_64 0.9.2 6.39 180.77 187.16 OK
r-release-windows-ix86+x86_64 0.9.2 30.00 195.00 225.00 OK
r-release-osx-x86_64 0.9.2 OK
r-oldrel-windows-ix86+x86_64 0.9.2 16.00 267.00 283.00 OK
r-oldrel-osx-x86_64 0.9.2 OK

Check Details

Version: 0.9.2
Check: R files for syntax errors
Result: WARN
    Warnings in file 'R/crAddins.R':
     unable to translate '<U+25B2>' to native encoding
     unable to translate '<U+25BC>' to native encoding
Flavor: r-devel-windows-ix86+x86_64