CRAN Package Check Results for Package rcure

Last updated on 2019-10-16 05:47:12 CEST.

Flavor Version Tinstall Tcheck Ttotal Status Flags
r-devel-linux-x86_64-debian-clang 0.1.0 6.78 64.85 71.63 OK
r-devel-linux-x86_64-debian-gcc 0.1.0 5.92 51.90 57.82 OK
r-devel-linux-x86_64-fedora-clang 0.1.0 91.51 NOTE
r-devel-linux-x86_64-fedora-gcc 0.1.0 89.68 NOTE
r-devel-windows-ix86+x86_64 0.1.0 16.00 104.00 120.00 OK
r-patched-linux-x86_64 0.1.0 7.60 62.71 70.31 OK
r-patched-solaris-x86 0.1.0 135.00 NOTE
r-release-linux-x86_64 0.1.0 7.33 64.21 71.54 OK
r-release-windows-ix86+x86_64 0.1.0 16.00 105.00 121.00 OK
r-release-osx-x86_64 0.1.0 NOTE
r-oldrel-windows-ix86+x86_64 0.1.0 10.00 66.00 76.00 OK
r-oldrel-osx-x86_64 0.1.0 NOTE

Check Details

Version: 0.1.0
Check: dependencies in R code
Result: NOTE
    Namespaces in Imports field not imported from:
     ‘MASS’ ‘smcure’
     All declared Imports should be used.
Flavors: r-devel-linux-x86_64-fedora-clang, r-devel-linux-x86_64-fedora-gcc, r-patched-solaris-x86, r-release-osx-x86_64, r-oldrel-osx-x86_64