CRAN Package Check Results for Package readabs

Last updated on 2020-06-01 01:51:07 CEST.

Flavor Version Tinstall Tcheck Ttotal Status Flags
r-devel-linux-x86_64-debian-clang 0.4.3 7.77 92.84 100.61 OK
r-devel-linux-x86_64-debian-gcc 0.4.3 5.83 70.09 75.92 OK
r-devel-linux-x86_64-fedora-clang 0.4.3 124.43 OK
r-devel-linux-x86_64-fedora-gcc 0.4.3 115.45 OK
r-devel-windows-ix86+x86_64 0.4.3 23.00 122.00 145.00 WARN
r-patched-linux-x86_64 0.4.3 7.66 90.37 98.03 OK
r-patched-solaris-x86 0.4.3 163.40 OK
r-release-linux-x86_64 0.4.3 7.30 92.16 99.46 OK
r-release-osx-x86_64 0.4.3 OK
r-release-windows-ix86+x86_64 0.4.3 18.00 207.00 225.00 WARN
r-oldrel-osx-x86_64 0.4.3 OK
r-oldrel-windows-ix86+x86_64 0.4.3 15.00 79.00 94.00 WARN

Check Details

Version: 0.4.3
Check: re-building of vignette outputs
Result: WARN
    Error(s) in re-building vignettes:
    --- re-building 'readabs_vignette.Rmd' using rmarkdown
    Quitting from lines 64-67 (readabs_vignette.Rmd)
    Error: processing vignette 'readabs_vignette.Rmd' failed with diagnostics:
    cannot open URL 'https://ausstats.abs.gov.au/servlet/TSSearchServlet?catno=6345.0&pg=1'
    --- failed re-building 'readabs_vignette.Rmd'
    
    SUMMARY: processing the following file failed:
     'readabs_vignette.Rmd'
    
    Error: Vignette re-building failed.
    Execution halted
Flavors: r-devel-windows-ix86+x86_64, r-release-windows-ix86+x86_64, r-oldrel-windows-ix86+x86_64