CRAN Package Check Results for Package reda

Last updated on 2020-05-25 01:49:02 CEST.

Flavor Version Tinstall Tcheck Ttotal Status Flags
r-devel-linux-x86_64-debian-clang 0.5.0 56.19 83.43 139.62 OK
r-devel-linux-x86_64-debian-gcc 0.5.0 41.09 63.60 104.69 OK
r-devel-linux-x86_64-fedora-clang 0.5.0 177.52 NOTE
r-devel-linux-x86_64-fedora-gcc 0.5.0 166.87 OK
r-devel-windows-ix86+x86_64 0.5.0 145.00 201.00 346.00 NOTE
r-patched-linux-x86_64 0.5.0 44.24 81.77 126.01 OK
r-patched-solaris-x86 0.5.0 192.20 OK
r-release-linux-x86_64 0.5.0 38.81 81.06 119.87 OK
r-release-osx-x86_64 0.5.0 NOTE
r-release-windows-ix86+x86_64 0.5.0 144.00 207.00 351.00 NOTE
r-oldrel-osx-x86_64 0.5.0 NOTE
r-oldrel-windows-ix86+x86_64 0.5.0 102.00 153.00 255.00 NOTE

Check Details

Version: 0.5.0
Check: installed package size
Result: NOTE
     installed size is 6.5Mb
     sub-directories of 1Mb or more:
     doc 3.3Mb
     libs 2.5Mb
Flavors: r-devel-linux-x86_64-fedora-clang, r-devel-windows-ix86+x86_64, r-release-osx-x86_64, r-release-windows-ix86+x86_64, r-oldrel-osx-x86_64, r-oldrel-windows-ix86+x86_64