CRAN Package Check Results for Package reinforcelearn

Last updated on 2020-06-06 02:07:10 CEST.

Flavor Version Tinstall Tcheck Ttotal Status Flags
r-devel-linux-x86_64-debian-clang 0.2.1 15.36 39.45 54.81 OK
r-devel-linux-x86_64-debian-gcc 0.2.1 12.82 30.70 43.52 OK
r-devel-linux-x86_64-fedora-clang 0.2.1 78.84 NOTE
r-devel-linux-x86_64-fedora-gcc 0.2.1 71.09 NOTE
r-devel-windows-ix86+x86_64 0.2.1 30.00 73.00 103.00 OK
r-patched-linux-x86_64 0.2.1 17.94 39.11 57.05 OK
r-patched-solaris-x86 0.2.1 90.60 NOTE
r-release-linux-x86_64 0.2.1 16.54 39.10 55.64 OK
r-release-osx-x86_64 0.2.1 NOTE
r-release-windows-ix86+x86_64 0.2.1 26.00 78.00 104.00 OK
r-oldrel-osx-x86_64 0.2.1 NOTE
r-oldrel-windows-ix86+x86_64 0.2.1 28.00 54.00 82.00 OK

Check Details

Version: 0.2.1
Check: dependencies in R code
Result: NOTE
    Namespaces in Imports field not imported from:
     ‘R6’ ‘nnet’ ‘purrr’
     All declared Imports should be used.
Flavors: r-devel-linux-x86_64-fedora-clang, r-devel-linux-x86_64-fedora-gcc, r-patched-solaris-x86, r-release-osx-x86_64, r-oldrel-osx-x86_64