CRAN Package Check Results for Package reinforcelearn

Last updated on 2019-10-22 01:49:37 CEST.

Flavor Version Tinstall Tcheck Ttotal Status Flags
r-devel-linux-x86_64-debian-clang 0.2.1 11.68 35.42 47.10 OK
r-devel-linux-x86_64-debian-gcc 0.2.1 10.68 28.14 38.82 OK
r-devel-linux-x86_64-fedora-clang 0.2.1 63.38 NOTE
r-devel-linux-x86_64-fedora-gcc 0.2.1 62.42 NOTE
r-devel-windows-ix86+x86_64 0.2.1 28.00 65.00 93.00 OK
r-patched-linux-x86_64 0.2.1 12.92 34.90 47.82 OK
r-patched-solaris-x86 0.2.1 80.80 NOTE
r-release-linux-x86_64 0.2.1 12.18 34.44 46.62 OK
r-release-windows-ix86+x86_64 0.2.1 28.00 53.00 81.00 OK
r-release-osx-x86_64 0.2.1 NOTE
r-oldrel-windows-ix86+x86_64 0.2.1 18.00 47.00 65.00 OK
r-oldrel-osx-x86_64 0.2.1 NOTE

Check Details

Version: 0.2.1
Check: dependencies in R code
Result: NOTE
    Namespaces in Imports field not imported from:
     ‘R6’ ‘nnet’ ‘purrr’
     All declared Imports should be used.
Flavors: r-devel-linux-x86_64-fedora-clang, r-devel-linux-x86_64-fedora-gcc, r-patched-solaris-x86, r-release-osx-x86_64, r-oldrel-osx-x86_64