CRAN Package Check Results for Package repfdr

Last updated on 2020-09-15 02:53:27 CEST.

Flavor Version Tinstall Tcheck Ttotal Status Flags
r-devel-linux-x86_64-debian-clang 1.2.3 23.65 39.48 63.13 OK
r-devel-linux-x86_64-debian-gcc 1.2.3 18.20 31.28 49.48 OK
r-devel-linux-x86_64-fedora-clang 1.2.3 91.32 OK
r-devel-linux-x86_64-fedora-gcc 1.2.3 77.78 OK
r-devel-windows-ix86+x86_64 1.2.3 55.00 69.00 124.00 NOTE
r-patched-linux-x86_64 1.2.3 18.60 39.14 57.74 OK
r-patched-solaris-x86 1.2.3 94.60 OK
r-release-linux-x86_64 1.2.3 17.96 39.61 57.57 OK
r-release-macos-x86_64 1.2.3 OK
r-release-windows-ix86+x86_64 1.2.3 42.00 86.00 128.00 NOTE
r-oldrel-macos-x86_64 1.2.3 OK
r-oldrel-windows-ix86+x86_64 1.2.3 40.00 80.00 120.00 OK

Check Details

Version: 1.2.3
Check: installed package size
Result: NOTE
     installed size is 5.4Mb
     sub-directories of 1Mb or more:
     data 2.4Mb
     libs 2.1Mb
Flavors: r-devel-windows-ix86+x86_64, r-release-windows-ix86+x86_64