CRAN Package Check Results for Package restfulr

Last updated on 2020-07-12 18:50:06 CEST.

Flavor Version Tinstall Tcheck Ttotal Status Flags
r-devel-linux-x86_64-debian-clang 0.0.13 12.70 69.70 82.40 OK --no-tests
r-devel-linux-x86_64-debian-gcc 0.0.13 11.61 55.66 67.27 OK --no-tests
r-devel-linux-x86_64-fedora-clang 0.0.13 109.64 OK --no-tests
r-devel-linux-x86_64-fedora-gcc 0.0.13 102.54 OK --no-tests
r-devel-windows-ix86+x86_64 0.0.13 32.00 129.00 161.00 OK --no-examples --no-tests --no-vignettes
r-patched-linux-x86_64 0.0.13 14.96 68.42 83.38 OK --no-tests
r-patched-solaris-x86 0.0.13 171.00 OK
r-release-linux-x86_64 0.0.13 12.22 69.73 81.95 OK --no-tests
r-release-macos-x86_64 0.0.13 OK
r-release-windows-ix86+x86_64 0.0.13 31.00 89.00 120.00 OK --no-examples --no-tests --no-vignettes
r-oldrel-macos-x86_64 0.0.13 NOTE
r-oldrel-windows-ix86+x86_64 0.0.13 28.00 107.00 135.00 OK --no-examples --no-tests --no-vignettes

Check Details

Version: 0.0.13
Check: package dependencies
Result: NOTE
    Package suggested but not available for checking: ‘rsolr’
Flavor: r-oldrel-macos-x86_64