CRAN Package Check Results for Package restlos

Last updated on 2019-11-21 00:50:08 CET.

Flavor Version Tinstall Tcheck Ttotal Status Flags
r-devel-linux-x86_64-debian-clang 0.2-2 5.53 37.19 42.72 OK
r-devel-linux-x86_64-debian-gcc 0.2-2 4.82 30.95 35.77 OK
r-devel-linux-x86_64-fedora-clang 0.2-2 51.10 OK
r-devel-linux-x86_64-fedora-gcc 0.2-2 51.45 OK
r-devel-windows-ix86+x86_64 0.2-2 30.00 56.00 86.00 OK
r-devel-windows-ix86+x86_64-gcc8 0.2-2 12.00 55.00 67.00 OK
r-patched-linux-x86_64 0.2-2 4.53 35.72 40.25 OK
r-patched-solaris-x86 0.2-2 82.30 OK
r-release-linux-x86_64 0.2-2 5.11 36.31 41.42 OK
r-release-windows-ix86+x86_64 0.2-2 18.00 81.00 99.00 OK
r-release-osx-x86_64 0.2-2 WARN
r-oldrel-windows-ix86+x86_64 0.2-2 6.00 78.00 84.00 OK
r-oldrel-osx-x86_64 0.2-2 OK

Check Details

Version: 0.2-2
Check: whether package can be installed
Result: WARN
    Found the following significant warnings:
     Warning: 'rgl_init' failed, running with rgl.useNULL = TRUE
Flavor: r-release-osx-x86_64