CRAN Package Check Results for Package rfbCNPJ

Last updated on 2019-10-23 03:48:38 CEST.

Flavor Version Tinstall Tcheck Ttotal Status Flags
r-devel-linux-x86_64-debian-clang 0.1.1 1.71 17.26 18.97 OK
r-devel-linux-x86_64-debian-gcc 0.1.1 1.55 14.24 15.79 OK
r-devel-linux-x86_64-fedora-clang 0.1.1 24.23 NOTE
r-devel-linux-x86_64-fedora-gcc 0.1.1 23.20 NOTE
r-devel-windows-ix86+x86_64 0.1.1 6.00 45.00 51.00 OK
r-patched-linux-x86_64 0.1.1 1.67 17.26 18.93 OK
r-patched-solaris-x86 0.1.1 38.00 NOTE
r-release-linux-x86_64 0.1.1 1.57 17.39 18.96 OK
r-release-windows-ix86+x86_64 0.1.1 7.00 33.00 40.00 OK
r-release-osx-x86_64 0.1.1 NOTE
r-oldrel-windows-ix86+x86_64 0.1.1 4.00 42.00 46.00 OK
r-oldrel-osx-x86_64 0.1.1 NOTE

Check Details

Version: 0.1.1
Check: data for non-ASCII characters
Result: NOTE
     Note: found 27 marked UTF-8 strings
Flavors: r-devel-linux-x86_64-fedora-clang, r-devel-linux-x86_64-fedora-gcc, r-patched-solaris-x86, r-release-osx-x86_64, r-oldrel-osx-x86_64