CRAN Package Check Results for Package rfishbase

Last updated on 2019-10-22 01:49:37 CEST.

Flavor Version Tinstall Tcheck Ttotal Status Flags
r-devel-linux-x86_64-debian-clang 3.0.4 7.71 116.08 123.79 OK
r-devel-linux-x86_64-debian-gcc 3.0.4 6.58 95.99 102.57 OK
r-devel-linux-x86_64-fedora-clang 3.0.4 150.13 NOTE
r-devel-linux-x86_64-fedora-gcc 3.0.4 145.95 NOTE
r-devel-windows-ix86+x86_64 3.0.4 15.00 291.00 306.00 OK
r-patched-linux-x86_64 3.0.4 7.44 116.74 124.18 OK
r-patched-solaris-x86 3.0.4 233.20 NOTE
r-release-linux-x86_64 3.0.4 7.57 116.00 123.57 OK
r-release-windows-ix86+x86_64 3.0.4 25.00 220.00 245.00 OK
r-release-osx-x86_64 3.0.4 NOTE
r-oldrel-windows-ix86+x86_64 3.0.4 14.00 195.00 209.00 OK
r-oldrel-osx-x86_64 3.0.4 NOTE

Check Details

Version: 3.0.4
Check: data for non-ASCII characters
Result: NOTE
     Note: found 44 marked UTF-8 strings
Flavors: r-devel-linux-x86_64-fedora-clang, r-devel-linux-x86_64-fedora-gcc, r-patched-solaris-x86, r-release-osx-x86_64, r-oldrel-osx-x86_64