CRAN Package Check Results for Package rfishbase

Last updated on 2020-06-07 01:48:23 CEST.

Flavor Version Tinstall Tcheck Ttotal Status Flags
r-devel-linux-x86_64-debian-clang 3.0.4 8.89 125.85 134.74 OK
r-devel-linux-x86_64-debian-gcc 3.0.4 7.59 101.11 108.70 OK
r-devel-linux-x86_64-fedora-clang 3.0.4 171.33 NOTE
r-devel-linux-x86_64-fedora-gcc 3.0.4 159.60 NOTE
r-devel-windows-ix86+x86_64 3.0.4 27.00 278.00 305.00 OK
r-patched-linux-x86_64 3.0.4 8.34 125.48 133.82 OK
r-patched-solaris-x86 3.0.4 249.70 NOTE
r-release-linux-x86_64 3.0.4 9.02 126.15 135.17 OK
r-release-osx-x86_64 3.0.4 NOTE
r-release-windows-ix86+x86_64 3.0.4 43.00 271.00 314.00 OK
r-oldrel-osx-x86_64 3.0.4 NOTE
r-oldrel-windows-ix86+x86_64 3.0.4 29.00 203.00 232.00 OK

Check Details

Version: 3.0.4
Check: data for non-ASCII characters
Result: NOTE
     Note: found 44 marked UTF-8 strings
Flavors: r-devel-linux-x86_64-fedora-clang, r-devel-linux-x86_64-fedora-gcc, r-patched-solaris-x86, r-release-osx-x86_64, r-oldrel-osx-x86_64