CRAN Package Check Results for Package rgdal

Last updated on 2020-05-24 01:48:07 CEST.

Flavor Version Tinstall Tcheck Ttotal Status Flags
r-devel-linux-x86_64-debian-clang 1.4-8 34.67 89.26 123.93 OK
r-devel-linux-x86_64-debian-gcc 1.4-8 26.75 71.26 98.01 OK
r-devel-linux-x86_64-fedora-clang 1.4-8 153.03 OK
r-devel-linux-x86_64-fedora-gcc 1.4-8 146.31 OK
r-devel-windows-ix86+x86_64 1.4-8 166.00 474.00 640.00 NOTE
r-patched-linux-x86_64 1.4-8 28.41 89.34 117.75 OK
r-patched-solaris-x86 1.4-8 190.50 OK
r-release-linux-x86_64 1.4-8 25.71 87.60 113.31 OK
r-release-osx-x86_64 1.4-8 NOTE
r-release-windows-ix86+x86_64 1.4-8 133.00 428.00 561.00 NOTE
r-oldrel-osx-x86_64 1.4-8 NOTE
r-oldrel-windows-ix86+x86_64 1.4-8 128.00 494.00 622.00 NOTE

Check Details

Version: 1.4-8
Check: installed package size
Result: NOTE
     installed size is 80.9Mb
     sub-directories of 1Mb or more:
     gdal 3.9Mb
     libs 69.2Mb
     pictures 1.3Mb
     proj 5.0Mb
Flavors: r-devel-windows-ix86+x86_64, r-release-osx-x86_64, r-release-windows-ix86+x86_64, r-oldrel-osx-x86_64, r-oldrel-windows-ix86+x86_64