CRAN Package Check Results for Package rgdal

Last updated on 2019-10-17 02:47:33 CEST.

Flavor Version Tinstall Tcheck Ttotal Status Flags
r-devel-linux-x86_64-debian-clang 1.4-6 31.80 81.53 113.33 OK
r-devel-linux-x86_64-debian-gcc 1.4-6 22.12 66.19 88.31 OK
r-devel-linux-x86_64-fedora-clang 1.4-6 150.45 OK
r-devel-linux-x86_64-fedora-gcc 1.4-6 142.78 OK
r-devel-windows-ix86+x86_64 1.4-6 167.00 395.00 562.00 NOTE
r-patched-linux-x86_64 1.4-6 25.26 80.45 105.71 OK
r-patched-solaris-x86 1.4-6 180.70 OK
r-release-linux-x86_64 1.4-6 25.25 80.95 106.20 OK
r-release-windows-ix86+x86_64 1.4-6 124.00 524.00 648.00 NOTE
r-release-osx-x86_64 1.4-6 NOTE
r-oldrel-windows-ix86+x86_64 1.4-6 130.00 401.00 531.00 NOTE
r-oldrel-osx-x86_64 1.4-6 NOTE

Check Details

Version: 1.4-6
Check: installed package size
Result: NOTE
     installed size is 80.3Mb
     sub-directories of 1Mb or more:
     gdal 3.9Mb
     libs 68.7Mb
     pictures 1.3Mb
     proj 5.0Mb
Flavors: r-devel-windows-ix86+x86_64, r-release-windows-ix86+x86_64, r-release-osx-x86_64, r-oldrel-windows-ix86+x86_64, r-oldrel-osx-x86_64