CRAN Package Check Results for Package risksetROC

Last updated on 2020-06-06 02:07:11 CEST.

Flavor Version Tinstall Tcheck Ttotal Status Flags
r-devel-linux-x86_64-debian-clang 1.0.4 8.19 59.11 67.30 NOTE
r-devel-linux-x86_64-debian-gcc 1.0.4 6.18 46.97 53.15 NOTE
r-devel-linux-x86_64-fedora-clang 1.0.4 90.68 NOTE
r-devel-linux-x86_64-fedora-gcc 1.0.4 82.22 NOTE
r-devel-windows-ix86+x86_64 1.0.4 19.00 73.00 92.00 NOTE
r-patched-linux-x86_64 1.0.4 8.07 60.00 68.07 NOTE
r-patched-solaris-x86 1.0.4 125.40 NOTE
r-release-linux-x86_64 1.0.4 8.33 60.98 69.31 NOTE
r-release-osx-x86_64 1.0.4 NOTE
r-release-windows-ix86+x86_64 1.0.4 19.00 94.00 113.00 NOTE
r-oldrel-osx-x86_64 1.0.4 NOTE
r-oldrel-windows-ix86+x86_64 1.0.4 17.00 68.00 85.00 NOTE

Check Details

Version: 1.0.4
Check: R code for possible problems
Result: NOTE
    KM.plot: no visible global function definition for 'lines'
    SchoenSmooth: no visible global function definition for 'lm'
    llCoxReg: no visible binding for global variable 'time'
    risksetAUC: no visible global function definition for 'abline'
    risksetROC: no visible global function definition for 'abline'
    weightedKM: no visible binding for global variable 'time'
    Undefined global functions or variables:
     abline lines lm time
    Consider adding
     importFrom("graphics", "abline", "lines")
     importFrom("stats", "lm", "time")
    to your NAMESPACE file.
Flavors: r-devel-linux-x86_64-debian-clang, r-devel-linux-x86_64-debian-gcc, r-devel-linux-x86_64-fedora-clang, r-devel-linux-x86_64-fedora-gcc, r-devel-windows-ix86+x86_64, r-patched-linux-x86_64, r-patched-solaris-x86, r-release-linux-x86_64, r-release-osx-x86_64, r-release-windows-ix86+x86_64

Version: 1.0.4
Check: R code for possible problems
Result: NOTE
    KM.plot: no visible global function definition for ‘plot’
    KM.plot: no visible global function definition for ‘lines’
    SchoenSmooth: no visible global function definition for ‘lm’
    llCoxReg: no visible binding for global variable ‘time’
    risksetAUC: no visible global function definition for ‘abline’
    risksetROC: no visible global function definition for ‘abline’
    weightedKM: no visible binding for global variable ‘time’
    Undefined global functions or variables:
     abline lines lm plot time
    Consider adding
     importFrom("graphics", "abline", "lines", "plot")
     importFrom("stats", "lm", "time")
    to your NAMESPACE file.
Flavors: r-oldrel-osx-x86_64, r-oldrel-windows-ix86+x86_64