CRAN Package Check Results for Package rjsonapi

Last updated on 2020-07-04 02:50:34 CEST.

Flavor Version Tinstall Tcheck Ttotal Status Flags
r-devel-linux-x86_64-debian-clang 0.1.0 3.50 28.49 31.99 OK
r-devel-linux-x86_64-debian-gcc 0.1.0 2.38 23.00 25.38 OK
r-devel-linux-x86_64-fedora-clang 0.1.0 47.61 NOTE
r-devel-linux-x86_64-fedora-gcc 0.1.0 38.04 NOTE
r-devel-windows-ix86+x86_64 0.1.0 12.00 46.00 58.00 OK
r-patched-linux-x86_64 0.1.0 3.43 28.84 32.27 OK
r-patched-solaris-x86 0.1.0 65.30 NOTE
r-release-linux-x86_64 0.1.0 3.66 28.98 32.64 OK
r-release-osx-x86_64 0.1.0 NOTE
r-release-windows-ix86+x86_64 0.1.0 8.00 46.00 54.00 OK
r-oldrel-osx-x86_64 0.1.0 NOTE
r-oldrel-windows-ix86+x86_64 0.1.0 18.00 74.00 92.00 OK

Check Details

Version: 0.1.0
Check: dependencies in R code
Result: NOTE
    Namespace in Imports field not imported from: ‘crul’
     All declared Imports should be used.
Flavors: r-devel-linux-x86_64-fedora-clang, r-devel-linux-x86_64-fedora-gcc, r-patched-solaris-x86, r-release-osx-x86_64, r-oldrel-osx-x86_64