CRAN Package Check Results for Package rkvo

Last updated on 2019-10-19 01:50:24 CEST.

Flavor Version Tinstall Tcheck Ttotal Status Flags
r-devel-linux-x86_64-debian-clang 0.1 17.31 20.54 37.85 OK
r-devel-linux-x86_64-debian-gcc 0.1 11.57 16.77 28.34 OK
r-devel-linux-x86_64-fedora-clang 0.1 53.73 NOTE
r-devel-linux-x86_64-fedora-gcc 0.1 48.70 NOTE
r-devel-windows-ix86+x86_64 0.1 45.00 54.00 99.00 OK
r-patched-linux-x86_64 0.1 13.26 20.11 33.37 OK
r-patched-solaris-x86 0.1 59.90 OK
r-release-linux-x86_64 0.1 13.13 20.21 33.34 OK
r-release-windows-ix86+x86_64 0.1 31.00 73.00 104.00 OK
r-release-osx-x86_64 0.1 OK
r-oldrel-windows-ix86+x86_64 0.1 27.00 55.00 82.00 OK
r-oldrel-osx-x86_64 0.1 OK

Check Details

Version: 0.1
Check: compiled code
Result: NOTE
    File ‘rkvo/libs/rkvo.so’:
     Found no calls to: ‘R_registerRoutines’, ‘R_useDynamicSymbols’
    
    It is good practice to register native routines and to disable symbol
    search.
    
    See ‘Writing portable packages’ in the ‘Writing R Extensions’ manual.
Flavors: r-devel-linux-x86_64-fedora-clang, r-devel-linux-x86_64-fedora-gcc