CRAN Package Check Results for Package rkvo

Last updated on 2020-05-28 01:53:27 CEST.

Flavor Version Tinstall Tcheck Ttotal Status Flags
r-devel-linux-x86_64-debian-clang 0.1 19.63 22.38 42.01 OK
r-devel-linux-x86_64-debian-gcc 0.1 13.50 18.05 31.55 OK
r-devel-linux-x86_64-fedora-clang 0.1 56.11 NOTE
r-devel-linux-x86_64-fedora-gcc 0.1 50.64 NOTE
r-devel-windows-ix86+x86_64 0.1 51.00 62.00 113.00 OK
r-patched-linux-x86_64 0.1 14.31 21.69 36.00 OK
r-patched-solaris-x86 0.1 62.20 OK
r-release-linux-x86_64 0.1 14.19 22.45 36.64 OK
r-release-osx-x86_64 0.1 OK
r-release-windows-ix86+x86_64 0.1 39.00 82.00 121.00 OK
r-oldrel-osx-x86_64 0.1 OK
r-oldrel-windows-ix86+x86_64 0.1 50.00 49.00 99.00 OK

Check Details

Version: 0.1
Check: compiled code
Result: NOTE
    File ‘rkvo/libs/rkvo.so’:
     Found no calls to: ‘R_registerRoutines’, ‘R_useDynamicSymbols’
    
    It is good practice to register native routines and to disable symbol
    search.
    
    See ‘Writing portable packages’ in the ‘Writing R Extensions’ manual.
Flavors: r-devel-linux-x86_64-fedora-clang, r-devel-linux-x86_64-fedora-gcc