CRAN Package Check Results for Package rmRNAseq

Last updated on 2020-04-03 04:47:35 CEST.

Flavor Version Tinstall Tcheck Ttotal Status Flags
r-devel-linux-x86_64-debian-clang 0.1.0 36.07 311.06 347.13 OK
r-devel-linux-x86_64-debian-gcc 0.1.0 33.22 237.75 270.97 OK
r-devel-linux-x86_64-fedora-clang 0.1.0 416.38 NOTE
r-devel-linux-x86_64-fedora-gcc 0.1.0 416.15 NOTE
r-devel-windows-ix86+x86_64 0.1.0 6.00 6.00 12.00 ERROR
r-devel-windows-ix86+x86_64-gcc8 0.1.0 6.00 6.00 12.00 ERROR
r-patched-linux-x86_64 0.1.0 31.76 292.38 324.14 OK
r-patched-solaris-x86 0.1.0 617.30 NOTE
r-release-linux-x86_64 0.1.0 35.73 278.92 314.65 OK
r-release-windows-ix86+x86_64 0.1.0 72.00 302.00 374.00 OK
r-release-osx-x86_64 0.1.0 ERROR
r-oldrel-windows-ix86+x86_64 0.1.0 60.00 273.00 333.00 OK
r-oldrel-osx-x86_64 0.1.0 ERROR

Check Details

Version: 0.1.0
Check: dependencies in R code
Result: NOTE
    Namespace in Imports field not imported from: ‘statmod’
     All declared Imports should be used.
Flavors: r-devel-linux-x86_64-fedora-clang, r-devel-linux-x86_64-fedora-gcc, r-patched-solaris-x86

Version: 0.1.0
Check: whether package can be installed
Result: ERROR
    Installation failed.
Flavors: r-devel-windows-ix86+x86_64, r-devel-windows-ix86+x86_64-gcc8

Version: 0.1.0
Check: package dependencies
Result: ERROR
    Package required but not available: ‘splineTimeR’
    
    See section ‘The DESCRIPTION file’ in the ‘Writing R Extensions’
    manual.
Flavors: r-release-osx-x86_64, r-oldrel-osx-x86_64