CRAN Package Check Results for Package rmarkdown

Last updated on 2019-09-22 02:46:25 CEST.

Flavor Version Tinstall Tcheck Ttotal Status Flags
r-devel-linux-x86_64-debian-clang 1.15 8.93 53.55 62.48 OK
r-devel-linux-x86_64-debian-gcc 1.15 8.29 42.33 50.62 OK
r-devel-linux-x86_64-fedora-clang 1.15 79.96 NOTE
r-devel-linux-x86_64-fedora-gcc 1.15 81.80 OK
r-devel-windows-ix86+x86_64 1.15 30.00 73.00 103.00 NOTE
r-patched-linux-x86_64 1.15 9.80 53.40 63.20 OK
r-patched-solaris-x86 1.15 107.70 NOTE
r-release-linux-x86_64 1.15 9.87 53.97 63.84 OK
r-release-windows-ix86+x86_64 1.15 23.00 64.00 87.00 NOTE
r-release-osx-x86_64 1.15 NOTE
r-oldrel-windows-ix86+x86_64 1.15 16.00 64.00 80.00 NOTE
r-oldrel-osx-x86_64 1.15 NOTE

Check Details

Version: 1.15
Check: installed package size
Result: NOTE
     installed size is 9.2Mb
     sub-directories of 1Mb or more:
     rmd 8.3Mb
Flavors: r-devel-linux-x86_64-fedora-clang, r-devel-windows-ix86+x86_64, r-patched-solaris-x86, r-release-windows-ix86+x86_64, r-release-osx-x86_64, r-oldrel-windows-ix86+x86_64, r-oldrel-osx-x86_64