CRAN Package Check Results for Package rmarkdown

Last updated on 2020-05-25 01:49:02 CEST.

Flavor Version Tinstall Tcheck Ttotal Status Flags
r-devel-linux-x86_64-debian-clang 2.1 11.01 64.85 75.86 OK
r-devel-linux-x86_64-debian-gcc 2.1 9.22 50.79 60.01 OK
r-devel-linux-x86_64-fedora-clang 2.1 95.14 NOTE
r-devel-linux-x86_64-fedora-gcc 2.1 99.69 OK
r-devel-windows-ix86+x86_64 2.1 28.00 106.00 134.00 NOTE
r-patched-linux-x86_64 2.1 10.77 66.03 76.80 OK
r-patched-solaris-x86 2.1 120.00 NOTE
r-release-linux-x86_64 2.1 10.76 65.69 76.45 OK
r-release-osx-x86_64 2.1 NOTE
r-release-windows-ix86+x86_64 2.1 20.00 109.00 129.00 NOTE
r-oldrel-osx-x86_64 2.1 NOTE
r-oldrel-windows-ix86+x86_64 2.1 21.00 107.00 128.00 NOTE

Check Details

Version: 2.1
Check: installed package size
Result: NOTE
     installed size is 9.3Mb
     sub-directories of 1Mb or more:
     rmd 8.3Mb
Flavors: r-devel-linux-x86_64-fedora-clang, r-devel-windows-ix86+x86_64, r-patched-solaris-x86, r-release-osx-x86_64, r-release-windows-ix86+x86_64, r-oldrel-osx-x86_64, r-oldrel-windows-ix86+x86_64