CRAN Package Check Results for Package rms

Last updated on 2020-05-25 01:49:02 CEST.

Flavor Version Tinstall Tcheck Ttotal Status Flags
r-devel-linux-x86_64-debian-clang 5.1-4 41.90 249.42 291.32 OK
r-devel-linux-x86_64-debian-gcc 5.1-4 30.51 187.86 218.37 OK
r-devel-linux-x86_64-fedora-clang 5.1-4 343.65 OK
r-devel-linux-x86_64-fedora-gcc 5.1-4 364.42 OK
r-devel-windows-ix86+x86_64 5.1-4 100.00 309.00 409.00 OK
r-patched-linux-x86_64 5.1-4 37.66 248.60 286.26 OK
r-patched-solaris-x86 5.1-4 439.40 OK
r-release-linux-x86_64 5.1-4 33.32 248.25 281.57 OK
r-release-osx-x86_64 5.1-4 OK
r-release-windows-ix86+x86_64 5.1-4 90.00 435.00 525.00 OK
r-oldrel-osx-x86_64 5.1-4 NOTE
r-oldrel-windows-ix86+x86_64 5.1-4 60.00 339.00 399.00 OK

Check Details

Version: 5.1-4
Check: dependencies in R code
Result: NOTE
    No protocol specified
    No protocol specified
Flavor: r-oldrel-osx-x86_64