CRAN Package Check Results for Package roadoi

Last updated on 2019-10-14 01:46:34 CEST.

Flavor Version Tinstall Tcheck Ttotal Status Flags
r-devel-linux-x86_64-debian-clang 0.6 4.03 43.61 47.64 OK
r-devel-linux-x86_64-debian-gcc 0.6 3.89 34.70 38.59 OK
r-devel-linux-x86_64-fedora-clang 0.6 61.95 OK
r-devel-linux-x86_64-fedora-gcc 0.6 61.06 OK
r-devel-windows-ix86+x86_64 0.6 14.00 153.00 167.00 OK
r-patched-linux-x86_64 0.6 3.87 42.58 46.45 OK
r-patched-solaris-x86 0.6 86.10 OK
r-release-linux-x86_64 0.6 4.38 44.46 48.84 OK
r-release-windows-ix86+x86_64 0.6 19.00 106.00 125.00 OK
r-release-osx-x86_64 0.6 WARN
r-oldrel-windows-ix86+x86_64 0.6 8.00 113.00 121.00 OK
r-oldrel-osx-x86_64 0.6 OK

Check Details

Version: 0.6
Check: re-building of vignette outputs
Result: WARN
    Error(s) in re-building vignettes:
     ...
    --- re-building ‘intro.Rmd’ using rmarkdown
    Warning in engine$weave(file, quiet = quiet, encoding = enc) :
     Pandoc (>= 1.12.3) and/or pandoc-citeproc not available. Falling back to R Markdown v1.
    Quitting from lines 188-195 (intro.Rmd)
    Error: processing vignette 'intro.Rmd' failed with diagnostics:
    Column `is_oa` is unknown
    --- failed re-building ‘intro.Rmd’
    
    SUMMARY: processing the following file failed:
     ‘intro.Rmd’
    
    Error: Vignette re-building failed.
    Execution halted
Flavor: r-release-osx-x86_64