CRAN Package Check Results for Package roadoi

Last updated on 2020-05-29 01:50:20 CEST.

Flavor Version Tinstall Tcheck Ttotal Status Flags
r-devel-linux-x86_64-debian-clang 0.6 5.32 51.40 56.72 OK
r-devel-linux-x86_64-debian-gcc 0.6 3.94 39.27 43.21 OK
r-devel-linux-x86_64-fedora-clang 0.6 67.36 OK
r-devel-linux-x86_64-fedora-gcc 0.6 66.43 OK
r-devel-windows-ix86+x86_64 0.6 21.00 196.00 217.00 OK
r-patched-linux-x86_64 0.6 4.71 49.84 54.55 OK
r-patched-solaris-x86 0.6 97.80 OK
r-release-linux-x86_64 0.6 5.38 50.26 55.64 OK
r-release-osx-x86_64 0.6 OK
r-release-windows-ix86+x86_64 0.6 13.00 177.00 190.00 OK
r-oldrel-osx-x86_64 0.6 WARN
r-oldrel-windows-ix86+x86_64 0.6 13.00 101.00 114.00 OK

Check Details

Version: 0.6
Check: re-building of vignette outputs
Result: WARN
    Error(s) in re-building vignettes:
     ...
    --- re-building ‘intro.Rmd’ using rmarkdown
    Warning in engine$weave(file, quiet = quiet, encoding = enc) :
     Pandoc (>= 1.12.3) and/or pandoc-citeproc not available. Falling back to R Markdown v1.
    Quitting from lines 188-195 (intro.Rmd)
    Error: processing vignette 'intro.Rmd' failed with diagnostics:
    Column `is_oa` is unknown
    --- failed re-building ‘intro.Rmd’
    
    SUMMARY: processing the following file failed:
     ‘intro.Rmd’
    
    Error: Vignette re-building failed.
    Execution halted
Flavor: r-oldrel-osx-x86_64