CRAN Package Check Results for Package robCompositions

Last updated on 2020-05-31 01:48:51 CEST.

Flavor Version Tinstall Tcheck Ttotal Status Flags
r-devel-linux-x86_64-debian-clang 2.2.1 113.85 240.97 354.82 OK
r-devel-linux-x86_64-debian-gcc 2.2.1 91.63 181.91 273.54 OK
r-devel-linux-x86_64-fedora-clang 2.2.1 470.20 NOTE
r-devel-linux-x86_64-fedora-gcc 2.2.1 431.96 OK
r-devel-windows-ix86+x86_64 2.2.1 267.00 344.00 611.00 NOTE --no-examples --no-tests --no-vignettes
r-patched-linux-x86_64 2.2.1 97.78 233.71 331.49 OK
r-patched-solaris-x86 2.2.1 509.50 OK
r-release-linux-x86_64 2.2.1 96.32 238.25 334.57 OK
r-release-osx-x86_64 2.2.1 NOTE
r-release-windows-ix86+x86_64 2.2.1 194.00 291.00 485.00 NOTE --no-examples --no-tests --no-vignettes
r-oldrel-osx-x86_64 2.2.1 NOTE
r-oldrel-windows-ix86+x86_64 2.2.1 206.00 244.00 450.00 OK --no-examples --no-tests --no-vignettes

Check Details

Version: 2.2.1
Check: installed package size
Result: NOTE
     installed size is 18.6Mb
     sub-directories of 1Mb or more:
     data 1.4Mb
     libs 16.2Mb
Flavors: r-devel-linux-x86_64-fedora-clang, r-release-osx-x86_64, r-oldrel-osx-x86_64

Version: 2.2.1
Flags: --no-examples --no-tests --no-vignettes
Check: installed package size
Result: NOTE
     installed size is 5.0Mb
     sub-directories of 1Mb or more:
     data 1.4Mb
     libs 2.6Mb
Flavors: r-devel-windows-ix86+x86_64, r-release-windows-ix86+x86_64