CRAN Package Check Results for Package robCompositions

Last updated on 2019-10-20 01:47:00 CEST.

Flavor Version Tinstall Tcheck Ttotal Status Flags
r-devel-linux-x86_64-debian-clang 2.1.0 25.77 219.39 245.16 OK
r-devel-linux-x86_64-debian-gcc 2.1.0 21.10 165.98 187.08 OK
r-devel-linux-x86_64-fedora-clang 2.1.0 292.36 NOTE
r-devel-linux-x86_64-fedora-gcc 2.1.0 299.31 NOTE
r-devel-windows-ix86+x86_64 2.1.0 53.00 268.00 321.00 OK --no-examples --no-tests --no-vignettes
r-patched-linux-x86_64 2.1.0 22.33 210.69 233.02 OK
r-patched-solaris-x86 2.1.0 395.10 NOTE
r-release-linux-x86_64 2.1.0 25.16 216.12 241.28 OK
r-release-windows-ix86+x86_64 2.1.0 47.00 273.00 320.00 OK --no-examples --no-tests --no-vignettes
r-release-osx-x86_64 2.1.0 NOTE
r-oldrel-windows-ix86+x86_64 2.1.0 33.00 161.00 194.00 OK --no-examples --no-tests --no-vignettes
r-oldrel-osx-x86_64 2.1.0 NOTE

Additional issues

LTO

Check Details

Version: 2.1.0
Check: data for non-ASCII characters
Result: NOTE
     Note: found 5701 marked UTF-8 strings
Flavors: r-devel-linux-x86_64-fedora-clang, r-devel-linux-x86_64-fedora-gcc, r-patched-solaris-x86, r-release-osx-x86_64, r-oldrel-osx-x86_64