CRAN Package Check Results for Package robustrao

Last updated on 2019-11-14 00:53:11 CET.

Flavor Version Tinstall Tcheck Ttotal Status Flags
r-devel-linux-x86_64-debian-clang 1.0-3 3.09 28.51 31.60 NOTE
r-devel-linux-x86_64-debian-gcc 1.0-3 2.28 22.66 24.94 NOTE
r-devel-linux-x86_64-fedora-clang 1.0-3 38.14 NOTE
r-devel-linux-x86_64-fedora-gcc 1.0-3 37.91 NOTE
r-devel-windows-ix86+x86_64 1.0-3 10.00 47.00 57.00 OK
r-patched-linux-x86_64 1.0-3 2.80 27.54 30.34 OK
r-patched-solaris-x86 1.0-3 64.90 OK
r-release-linux-x86_64 1.0-3 2.51 27.60 30.11 OK
r-release-windows-ix86+x86_64 1.0-3 10.00 49.00 59.00 OK
r-release-osx-x86_64 1.0-3 OK
r-oldrel-windows-ix86+x86_64 1.0-3 4.00 68.00 72.00 OK
r-oldrel-osx-x86_64 1.0-3 OK

Check Details

Version: 1.0-3
Check: for non-standard things in the check directory
Result: NOTE
    Found the following files/directories:
     'parallel-bounds-log.txt'
Flavors: r-devel-linux-x86_64-debian-clang, r-devel-linux-x86_64-debian-gcc, r-devel-linux-x86_64-fedora-clang, r-devel-linux-x86_64-fedora-gcc